{"id":1014,"date":"2025-10-07T16:54:44","date_gmt":"2025-10-07T14:54:44","guid":{"rendered":"https:\/\/rubi.com.py\/index.php\/producto\/colador-de-pastas-tramontina-acero-inox\/"},"modified":"2026-04-22T15:21:25","modified_gmt":"2026-04-22T13:21:25","slug":"colador-de-pastas-tramontina-acero-inox","status":"publish","type":"product","link":"https:\/\/rubi.com.py\/index.php\/producto\/colador-de-pastas-tramontina-acero-inox\/","title":{"rendered":"COLADOR DE PASTAS TRAMONTINA ACERO INOX."},"content":{"rendered":"<p>* Hecha totalmente de acero inoxidable, no suelta ning\u00fan residuo en los alimentos, manteni\u00e9ndolos sanos. * Altamente durables, mantiene las caracter\u00edsticas originales, conservando la belleza. * El recipiente para cozi-pasta tiene asa para auxiliar el manejo y agujeros para escurrir el agua. * Con terminaci\u00f3n de alto brillo. * Se puede lavar diariamente en lavavajillas. Im\u00e1genes meramente ilustrativas. Im\u00e1genes e informaci\u00f3n sujetas a cambios sin previo aviso. Detalles t\u00e9cnicos: \u2022 ANCHO: 24,5 CM \u2022 ALTO: 22,5 CM \u2022 LARGO: 22 CM \u2022 PESO: 1 GR<\/p>\n","protected":false},"excerpt":{"rendered":"<p>* Hecha totalmente de acero inoxidable, no suelta ning\u00fan residuo en los alimentos, manteni\u00e9ndolos sanos. * Altamente durables, mantiene las caracter\u00edsticas originales, conservando la belleza. * El recipiente para cozi-pasta tiene asa para auxiliar el manejo y agujeros para escurrir el agua. * Con terminaci\u00f3n de alto brillo. * Se puede lavar diariamente en lavavajillas. Im\u00e1genes meramente ilustrativas. Im\u00e1genes e informaci\u00f3n sujetas a cambios sin previo aviso.<\/p>\n","protected":false},"featured_media":4979,"comment_status":"open","ping_status":"closed","template":"","meta":{"_et_pb_use_builder":"","_et_pb_old_content":"","_et_gb_content_width":""},"product_brand":[],"product_cat":[33],"product_tag":[],"class_list":{"0":"post-1014","1":"product","2":"type-product","3":"status-publish","4":"has-post-thumbnail","6":"product_cat-cocina-y-comedor","8":"first","9":"instock","10":"shipping-taxable","11":"purchasable","12":"product-type-simple"},"_links":{"self":[{"href":"https:\/\/rubi.com.py\/index.php\/wp-json\/wp\/v2\/product\/1014","targetHints":{"allow":["GET"]}}],"collection":[{"href":"https:\/\/rubi.com.py\/index.php\/wp-json\/wp\/v2\/product"}],"about":[{"href":"https:\/\/rubi.com.py\/index.php\/wp-json\/wp\/v2\/types\/product"}],"replies":[{"embeddable":true,"href":"https:\/\/rubi.com.py\/index.php\/wp-json\/wp\/v2\/comments?post=1014"}],"wp:featuredmedia":[{"embeddable":true,"href":"https:\/\/rubi.com.py\/index.php\/wp-json\/wp\/v2\/media\/4979"}],"wp:attachment":[{"href":"https:\/\/rubi.com.py\/index.php\/wp-json\/wp\/v2\/media?parent=1014"}],"wp:term":[{"taxonomy":"product_brand","embeddable":true,"href":"https:\/\/rubi.com.py\/index.php\/wp-json\/wp\/v2\/product_brand?post=1014"},{"taxonomy":"product_cat","embeddable":true,"href":"https:\/\/rubi.com.py\/index.php\/wp-json\/wp\/v2\/product_cat?post=1014"},{"taxonomy":"product_tag","embeddable":true,"href":"https:\/\/rubi.com.py\/index.php\/wp-json\/wp\/v2\/product_tag?post=1014"}],"curies":[{"name":"wp","href":"https:\/\/api.w.org\/{rel}","templated":true}]}}