{"id":1038,"date":"2025-10-07T17:01:28","date_gmt":"2025-10-07T15:01:28","guid":{"rendered":"https:\/\/rubi.com.py\/index.php\/producto\/choppera-portatil-1-canilla-mod-mochila-service-con-barril-de-10-litros\/"},"modified":"2026-04-22T15:25:05","modified_gmt":"2026-04-22T13:25:05","slug":"choppera-portatil-1-canilla-mod-mochila-service-con-barril-de-10-litros","status":"publish","type":"product","link":"https:\/\/rubi.com.py\/index.php\/producto\/choppera-portatil-1-canilla-mod-mochila-service-con-barril-de-10-litros\/","title":{"rendered":"CHOPPERA PORTATIL 1 CANILLA MOD MOCHILA SERVICE CON BARRIL DE 10 LITROS"},"content":{"rendered":"<p>* Capacidad barril 10 Litros. * Peso sin hielo 19 kg. * 1 Canilla &#8211; Grifo. MEDIDA DEL PRODUCTO. * Ancho 50 cm. * Alto 22 cm. * Profundidad 35 cm. Im\u00e1genes meramente ilustrativas. Im\u00e1genes e informaci\u00f3n sujetas a cambios sin previo aviso. Detalles t\u00e9cnicos: \u2022 ANCHO: 48 CM \u2022 ALTO: 43 CM \u2022 LARGO: 48 CM \u2022 PESO: 30000 GR<\/p>\n","protected":false},"excerpt":{"rendered":"<p>* Capacidad barril 10 Litros. * Peso sin hielo 19 kg. * 1 Canilla &#8211; Grifo. MEDIDA DEL PRODUCTO. * Ancho 50 cm. * Alto 22 cm. * Profundidad 35 cm. Im\u00e1genes meramente ilustrativas. Im\u00e1genes e informaci\u00f3n sujetas a cambios sin previo aviso.<\/p>\n","protected":false},"featured_media":4985,"comment_status":"open","ping_status":"closed","template":"","meta":{"_et_pb_use_builder":"","_et_pb_old_content":"","_et_gb_content_width":""},"product_brand":[],"product_cat":[33],"product_tag":[],"class_list":{"0":"post-1038","1":"product","2":"type-product","3":"status-publish","4":"has-post-thumbnail","6":"product_cat-cocina-y-comedor","8":"first","9":"instock","10":"shipping-taxable","11":"purchasable","12":"product-type-simple"},"_links":{"self":[{"href":"https:\/\/rubi.com.py\/index.php\/wp-json\/wp\/v2\/product\/1038","targetHints":{"allow":["GET"]}}],"collection":[{"href":"https:\/\/rubi.com.py\/index.php\/wp-json\/wp\/v2\/product"}],"about":[{"href":"https:\/\/rubi.com.py\/index.php\/wp-json\/wp\/v2\/types\/product"}],"replies":[{"embeddable":true,"href":"https:\/\/rubi.com.py\/index.php\/wp-json\/wp\/v2\/comments?post=1038"}],"wp:featuredmedia":[{"embeddable":true,"href":"https:\/\/rubi.com.py\/index.php\/wp-json\/wp\/v2\/media\/4985"}],"wp:attachment":[{"href":"https:\/\/rubi.com.py\/index.php\/wp-json\/wp\/v2\/media?parent=1038"}],"wp:term":[{"taxonomy":"product_brand","embeddable":true,"href":"https:\/\/rubi.com.py\/index.php\/wp-json\/wp\/v2\/product_brand?post=1038"},{"taxonomy":"product_cat","embeddable":true,"href":"https:\/\/rubi.com.py\/index.php\/wp-json\/wp\/v2\/product_cat?post=1038"},{"taxonomy":"product_tag","embeddable":true,"href":"https:\/\/rubi.com.py\/index.php\/wp-json\/wp\/v2\/product_tag?post=1038"}],"curies":[{"name":"wp","href":"https:\/\/api.w.org\/{rel}","templated":true}]}}