{"id":1049,"date":"2025-10-07T17:53:56","date_gmt":"2025-10-07T15:53:56","guid":{"rendered":"https:\/\/rubi.com.py\/index.php\/producto\/woo_usar_integracion\/"},"modified":"2026-04-23T01:42:48","modified_gmt":"2026-04-22T23:42:48","slug":"woo_usar_integracion","status":"publish","type":"product","link":"https:\/\/rubi.com.py\/index.php\/producto\/woo_usar_integracion\/","title":{"rendered":"COCINA VITROCERAMICA JAM 2 QUEMADORES 400VC TACTIL PREMIUM"},"content":{"rendered":"<p style=\"margin-top: 0px;margin-bottom: 1rem;color: #1f1106;font-family: Montserrat, HelveticaNeue-Light, 'Helvetica Neue Light', 'Helvetica Neue', Helvetica, Arial, 'Lucida Grande', sans-serif;font-size: 14px;letter-spacing: -0.14px;background-color: #ffffff\"><big><span style=\"font-weight: bold\">\u00a1Es fundamental tener\u00a0en casa esta\u00a0Cocina Vitrocer\u00e1mica JAM! La soluci\u00f3n ante cualquier situaci\u00f3n de emergencia, es apta para todo tipo de ollas y sartenes y lo mejor es que su sistema de calentamiento te permite ahorrar much\u00edsima energ\u00eda.<\/span><\/big><\/p>\n<p style=\"margin-top: 0px;margin-bottom: 1rem;color: #1f1106;font-family: Montserrat, HelveticaNeue-Light, 'Helvetica Neue Light', 'Helvetica Neue', Helvetica, Arial, 'Lucida Grande', sans-serif;font-size: 14px;letter-spacing: -0.14px;background-color: #ffffff\"><big><span style=\"font-weight: bold\">ESPECIFICACIONES:<\/span><\/big><\/p>\n<ul style=\"margin-top: 0px;margin-bottom: 1rem;color: #1f1106;font-family: Montserrat, HelveticaNeue-Light, 'Helvetica Neue Light', 'Helvetica Neue', Helvetica, Arial, 'Lucida Grande', sans-serif;font-size: 14px;letter-spacing: -0.14px;background-color: #ffffff\">\n<li><big>2 hornallas.<\/big><\/li>\n<li><big>Empotrable.<\/big><\/li>\n<li><big>1200 y 2200 (3400 W en total)<\/big><\/li>\n<li><big>Tecnolog\u00eda infrarroja.<\/big><\/li>\n<li><big>Panel digital.<\/big><\/li>\n<li><big>Apto para todo tipo de ollas.<\/big><\/li>\n<li><big>Funci\u00f3n t\u00e1ctil.<\/big><\/li>\n<li><big>6 meses de garant\u00eda.<\/big><\/li>\n<\/ul>\n<p style=\"margin-top: 0px;margin-bottom: 1rem;color: #1f1106;font-family: Montserrat, HelveticaNeue-Light, 'Helvetica Neue Light', 'Helvetica Neue', Helvetica, Arial, 'Lucida Grande', sans-serif;font-size: 14px;letter-spacing: -0.14px;background-color: #ffffff\"><big><span style=\"font-weight: bold\">DIMENSIONES:<\/span><\/big><\/p>\n<ul style=\"margin-top: 0px;margin-bottom: 1rem;color: #1f1106;font-family: Montserrat, HelveticaNeue-Light, 'Helvetica Neue Light', 'Helvetica Neue', Helvetica, Arial, 'Lucida Grande', sans-serif;font-size: 14px;letter-spacing: -0.14px;background-color: #ffffff\">\n<li><big>Alto: 8cm<\/big><\/li>\n<li><big>Ancho: 30cm<\/big><\/li>\n<li><big>Prof: 51cm<\/big><\/li>\n<\/ul>\n","protected":false},"excerpt":{"rendered":"<p>COCINA VITROCERAMICA JAM 2 QUEMADORES 400VC TACTIL PREMIUM<\/p>\n<p style=\"margin-top: 0px;margin-bottom: 1rem;color: #1f1106;font-family: Montserrat, HelveticaNeue-Light, 'Helvetica Neue Light', 'Helvetica Neue', Helvetica, Arial, 'Lucida Grande', sans-serif;font-size: 14px;letter-spacing: -0.14px;background-color: #ffffff\"><big><span style=\"font-weight: bold\">\u00a1Es fundamental tener\u00a0en casa esta\u00a0Cocina Vitrocer\u00e1mica JAM! La soluci\u00f3n ante cualquier situaci\u00f3n de emergencia, es apta para todo tipo de ollas y sartenes y lo mejor es que su sistema de calentamiento te permite ahorrar much\u00edsima energ\u00eda.<\/span><\/big><\/p>\n<p style=\"margin-top: 0px;margin-bottom: 1rem;color: #1f1106;font-family: Montserrat, HelveticaNeue-Light, 'Helvetica Neue Light', 'Helvetica Neue', Helvetica, Arial, 'Lucida Grande', sans-serif;font-size: 14px;letter-spacing: -0.14px;background-color: #ffffff\"><big><span style=\"font-weight: bold\">ESPECIFICACIONES:<\/span><\/big><\/p>\n<ul style=\"margin-top: 0px;margin-bottom: 1rem;color: #1f1106;font-family: Montserrat, HelveticaNeue-Light, 'Helvetica Neue Light', 'Helvetica Neue', Helvetica, Arial, 'Lucida Grande', sans-serif;font-size: 14px;letter-spacing: -0.14px;background-color: #ffffff\">\n<li><big>2 hornallas.<\/big><\/li>\n<li><big>Empotrable.<\/big><\/li>\n<li><big>1200 y 2200 (3400 W en total)<\/big><\/li>\n<li><big>Tecnolog\u00eda infrarroja.<\/big><\/li>\n<li><big>Panel digital.<\/big><\/li>\n<li><big>Apto para todo tipo de ollas.<\/big><\/li>\n<li><big>Funci\u00f3n t\u00e1ctil.<\/big><\/li>\n<li><big>6 meses de garant\u00eda.<\/big><\/li>\n<\/ul>\n<p style=\"margin-top: 0px;margin-bottom: 1rem;color: #1f1106;font-family: Montserrat, HelveticaNeue-Light, 'Helvetica Neue Light', 'Helvetica Neue', Helvetica, Arial, 'Lucida Grande', sans-serif;font-size: 14px;letter-spacing: -0.14px;background-color: #ffffff\"><big><span style=\"font-weight: bold\">DIMENSIONES:<\/span><\/big><\/p>\n<ul style=\"margin-top: 0px;margin-bottom: 1rem;color: #1f1106;font-family: Montserrat, HelveticaNeue-Light, 'Helvetica Neue Light', 'Helvetica Neue', Helvetica, Arial, 'Lucida Grande', sans-serif;font-size: 14px;letter-spacing: -0.14px;background-color: #ffffff\">\n<li><big>Alto: 8cm<\/big><\/li>\n<li><big>Ancho: 30cm<\/big><\/li>\n<li><big>Prof: 51cm<\/big><\/li>\n<\/ul>\n","protected":false},"featured_media":0,"comment_status":"open","ping_status":"closed","template":"","meta":{"_et_pb_use_builder":"","_et_pb_old_content":"","_et_gb_content_width":""},"product_brand":[],"product_cat":[33],"product_tag":[],"class_list":{"0":"post-1049","1":"product","2":"type-product","3":"status-publish","5":"product_cat-cocina-y-comedor","7":"first","8":"instock","9":"shipping-taxable","10":"purchasable","11":"product-type-simple"},"_links":{"self":[{"href":"https:\/\/rubi.com.py\/index.php\/wp-json\/wp\/v2\/product\/1049","targetHints":{"allow":["GET"]}}],"collection":[{"href":"https:\/\/rubi.com.py\/index.php\/wp-json\/wp\/v2\/product"}],"about":[{"href":"https:\/\/rubi.com.py\/index.php\/wp-json\/wp\/v2\/types\/product"}],"replies":[{"embeddable":true,"href":"https:\/\/rubi.com.py\/index.php\/wp-json\/wp\/v2\/comments?post=1049"}],"wp:attachment":[{"href":"https:\/\/rubi.com.py\/index.php\/wp-json\/wp\/v2\/media?parent=1049"}],"wp:term":[{"taxonomy":"product_brand","embeddable":true,"href":"https:\/\/rubi.com.py\/index.php\/wp-json\/wp\/v2\/product_brand?post=1049"},{"taxonomy":"product_cat","embeddable":true,"href":"https:\/\/rubi.com.py\/index.php\/wp-json\/wp\/v2\/product_cat?post=1049"},{"taxonomy":"product_tag","embeddable":true,"href":"https:\/\/rubi.com.py\/index.php\/wp-json\/wp\/v2\/product_tag?post=1049"}],"curies":[{"name":"wp","href":"https:\/\/api.w.org\/{rel}","templated":true}]}}