{"id":1056,"date":"2025-10-07T18:07:30","date_gmt":"2025-10-07T16:07:30","guid":{"rendered":"https:\/\/rubi.com.py\/index.php\/producto\/bicicleta-milano-aro-24-18-vel-rojo-mtb-action-caballero\/"},"modified":"2026-04-23T01:30:13","modified_gmt":"2026-04-22T23:30:13","slug":"bicicleta-milano-aro-24-18-vel-rojo-mtb-action-caballero","status":"publish","type":"product","link":"https:\/\/rubi.com.py\/index.php\/producto\/bicicleta-milano-aro-24-18-vel-rojo-mtb-action-caballero\/","title":{"rendered":"BICICLETA MILANO ARO 24&#8243; 18 VEL .ROJO MTB ACTION CABALLERO"},"content":{"rendered":"","protected":false},"excerpt":{"rendered":"<p>BICICLETA MILANO ARO 24&#8243; 18 VEL .ROJO MTB ACTION CABALLERO<\/p>\n<p style=\"margin-top: 0px;margin-bottom: 1rem;color: #1f1106;font-family: Montserrat, HelveticaNeue-Light, 'Helvetica Neue Light', 'Helvetica Neue', Helvetica, Arial, 'Lucida Grande', sans-serif;font-size: 14px;letter-spacing: -0.14px;background-color: #ffffff\"><big><span style=\"font-weight: bold\">BICI MILANO ARO 24&#8243; 18 VEL .ROJO\u00a0 MTB ACTION CABALLERO<\/span><\/big><\/p>\n<ul style=\"margin-top: 0px;margin-bottom: 1rem;color: #1f1106;font-family: Montserrat, HelveticaNeue-Light, 'Helvetica Neue Light', 'Helvetica Neue', Helvetica, Arial, 'Lucida Grande', sans-serif;font-size: 14px;letter-spacing: -0.14px;background-color: #ffffff\">\n<li><big>\u00bfPor qu\u00e9 optar por\u00a0<span style=\"font-weight: bold\">Bicicletas<\/span>\u00a0al momento de hacer un regalo a los ni\u00f1os?<\/big><\/li>\n<\/ul>\n<p style=\"margin-top: 0px;margin-bottom: 1rem;color: #1f1106;font-family: Montserrat, HelveticaNeue-Light, 'Helvetica Neue Light', 'Helvetica Neue', Helvetica, Arial, 'Lucida Grande', sans-serif;font-size: 14px;letter-spacing: -0.14px;background-color: #ffffff\"><big>Es un regalo divertido y emocionante: la mayor\u00eda de los ni\u00f1os disfrutan mucho montando en bicicleta y se emocionan al recibir una como regalo.\u00a0<span style=\"font-weight: bold\">Les brinda la oportunidad de explorar y jugar al aire libre, y les permite desarrollar habilidades f\u00edsicas y de coordinaci\u00f3n.<\/span><\/big><\/p>\n<p style=\"margin-top: 0px;margin-bottom: 1rem;color: #1f1106;font-family: Montserrat, HelveticaNeue-Light, 'Helvetica Neue Light', 'Helvetica Neue', Helvetica, Arial, 'Lucida Grande', sans-serif;font-size: 14px;letter-spacing: -0.14px;background-color: #ffffff\"><big>El\u00a0<span style=\"font-weight: bold\">ciclismo\u00a0<\/span>puede mejorar aspectos b\u00e1sicos del desarrollo motor:\u00a0<span style=\"font-weight: bold\">resistencia, velocidad, la coordinaci\u00f3n, el equilibrio, la agilidad.<\/span><\/big><\/p>\n<p style=\"margin-top: 0px;margin-bottom: 1rem;color: #1f1106;font-family: Montserrat, HelveticaNeue-Light, 'Helvetica Neue Light', 'Helvetica Neue', Helvetica, Arial, 'Lucida Grande', sans-serif;font-size: 14px;letter-spacing: -0.14px;background-color: #ffffff\"><big><span style=\"font-weight: bold\">\u00bfPor qu\u00e9 los ni\u00f1os deben montar en bici?<\/span><\/big><\/p>\n<p style=\"margin-top: 0px;margin-bottom: 1rem;color: #1f1106;font-family: Montserrat, HelveticaNeue-Light, 'Helvetica Neue Light', 'Helvetica Neue', Helvetica, Arial, 'Lucida Grande', sans-serif;font-size: 14px;letter-spacing: -0.14px;background-color: #ffffff\"><big>El ciclismo es una de las actividades m\u00e1s completas que pueden realizar los ni\u00f1os, les ayuda a desarrollarse de manera integral; tanto a nivel f\u00edsico como psicol\u00f3gico. Adem\u00e1s, ense\u00f1arles a andar en bici es tambi\u00e9n divertido para los adultos.<br \/>Al aprender y andar en bici, los ni\u00f1os aumentan su resistencia f\u00edsica y adquieren grandes habilidades que influyen de manera decisiva en su desarrollo intelectual a la vez que se divierten.<\/big><\/p>\n<p style=\"margin-top: 0px;margin-bottom: 1rem;color: #1f1106;font-family: Montserrat, HelveticaNeue-Light, 'Helvetica Neue Light', 'Helvetica Neue', Helvetica, Arial, 'Lucida Grande', sans-serif;font-size: 14px;letter-spacing: -0.14px;background-color: #ffffff\"><big><span style=\"font-weight: bold\">Especificaciones:<\/span><\/big><\/p>\n<ul style=\"margin-top: 0px;margin-bottom: 1rem;color: #1f1106;font-family: Montserrat, HelveticaNeue-Light, 'Helvetica Neue Light', 'Helvetica Neue', Helvetica, Arial, 'Lucida Grande', sans-serif;font-size: 14px;letter-spacing: -0.14px;background-color: #ffffff\">\n<li><big>Aro 24\u201d.<\/big><\/li>\n<li><big>21 velocidades.<\/big><\/li>\n<li><big>Cambios a rotor.<\/big><\/li>\n<li><big>Frenos a Pat\u00edn.<\/big><\/li>\n<li><big>Indicadores reflectivos.<\/big><\/li>\n<li><big>Cubre plato delantero.<\/big><\/li>\n<\/ul>\n<p style=\"margin-top: 0px;margin-bottom: 1rem;color: #1f1106;font-family: Montserrat, HelveticaNeue-Light, 'Helvetica Neue Light', 'Helvetica Neue', Helvetica, Arial, 'Lucida Grande', sans-serif;font-size: 14px;letter-spacing: -0.14px;background-color: #ffffff\"><big><span style=\"font-weight: bold\">Recomendaciones:<\/span><\/big><\/p>\n<ul style=\"margin-top: 0px;margin-bottom: 1rem;color: #1f1106;font-family: Montserrat, HelveticaNeue-Light, 'Helvetica Neue Light', 'Helvetica Neue', Helvetica, Arial, 'Lucida Grande', sans-serif;font-size: 14px;letter-spacing: -0.14px;background-color: #ffffff\">\n<li><big>Edad:<span style=\"font-weight: bold\">\u00a08 a 11\u00a0a\u00f1os<\/span><\/big><\/li>\n<li><big>Altura del Ni\u00f1o:\u00a0<span style=\"font-weight: bold\">140 a 158 cm aproximadamente<\/span><\/big><\/li>\n<li><big><span style=\"font-weight: bold\">Plazo de garante<\/span><\/big><\/li>\n<li>3 meses en componentes por desperfectos de f\u00e1brica y 6 meses en soldadura de cuadro.<\/li>\n<\/ul>\n","protected":false},"featured_media":5167,"comment_status":"open","ping_status":"closed","template":"","meta":{"_et_pb_use_builder":"","_et_pb_old_content":"","_et_gb_content_width":""},"product_brand":[],"product_cat":[31],"product_tag":[],"class_list":{"0":"post-1056","1":"product","2":"type-product","3":"status-publish","4":"has-post-thumbnail","6":"product_cat-ciclismo","8":"first","9":"instock","10":"shipping-taxable","11":"purchasable","12":"product-type-simple"},"_links":{"self":[{"href":"https:\/\/rubi.com.py\/index.php\/wp-json\/wp\/v2\/product\/1056","targetHints":{"allow":["GET"]}}],"collection":[{"href":"https:\/\/rubi.com.py\/index.php\/wp-json\/wp\/v2\/product"}],"about":[{"href":"https:\/\/rubi.com.py\/index.php\/wp-json\/wp\/v2\/types\/product"}],"replies":[{"embeddable":true,"href":"https:\/\/rubi.com.py\/index.php\/wp-json\/wp\/v2\/comments?post=1056"}],"wp:featuredmedia":[{"embeddable":true,"href":"https:\/\/rubi.com.py\/index.php\/wp-json\/wp\/v2\/media\/5167"}],"wp:attachment":[{"href":"https:\/\/rubi.com.py\/index.php\/wp-json\/wp\/v2\/media?parent=1056"}],"wp:term":[{"taxonomy":"product_brand","embeddable":true,"href":"https:\/\/rubi.com.py\/index.php\/wp-json\/wp\/v2\/product_brand?post=1056"},{"taxonomy":"product_cat","embeddable":true,"href":"https:\/\/rubi.com.py\/index.php\/wp-json\/wp\/v2\/product_cat?post=1056"},{"taxonomy":"product_tag","embeddable":true,"href":"https:\/\/rubi.com.py\/index.php\/wp-json\/wp\/v2\/product_tag?post=1056"}],"curies":[{"name":"wp","href":"https:\/\/api.w.org\/{rel}","templated":true}]}}