{"id":1058,"date":"2025-10-07T18:08:08","date_gmt":"2025-10-07T16:08:08","guid":{"rendered":"https:\/\/rubi.com.py\/index.php\/producto\/woo_usar_integracion-2\/"},"modified":"2026-04-23T01:30:34","modified_gmt":"2026-04-22T23:30:34","slug":"woo_usar_integracion-2","status":"publish","type":"product","link":"https:\/\/rubi.com.py\/index.php\/producto\/woo_usar_integracion-2\/","title":{"rendered":"AA COMPACTO TOKYO MOD TRCT240CWN1 240.000 FRIO\/SOLO, 380-415V"},"content":{"rendered":"<p>* Capacidad 240.000 BTU. * Gas ecol\u00f3gico R410A. * Modo fr\u00edo solo. Im\u00e1genes meramente ilustrativas. Im\u00e1genes e informaci\u00f3n sujetas a cambios sin previo aviso. Detalles t\u00e9cnicos: \u2022 ANCHO: 221,2 CM \u2022 ALTO: 128,4 CM \u2022 LARGO: 169,5 CM \u2022 PESO: 700000 GR<\/p>\n","protected":false},"excerpt":{"rendered":"<p>* Capacidad 240.000 BTU. * Gas ecol\u00f3gico R410A. * Modo fr\u00edo solo. Im\u00e1genes meramente ilustrativas. Im\u00e1genes e informaci\u00f3n sujetas a cambios sin previo aviso.<\/p>\n","protected":false},"featured_media":5168,"comment_status":"open","ping_status":"closed","template":"","meta":{"_et_pb_use_builder":"","_et_pb_old_content":"","_et_gb_content_width":""},"product_brand":[],"product_cat":[32],"product_tag":[],"class_list":{"0":"post-1058","1":"product","2":"type-product","3":"status-publish","4":"has-post-thumbnail","6":"product_cat-climatizacion","8":"first","9":"instock","10":"shipping-taxable","11":"purchasable","12":"product-type-simple"},"_links":{"self":[{"href":"https:\/\/rubi.com.py\/index.php\/wp-json\/wp\/v2\/product\/1058","targetHints":{"allow":["GET"]}}],"collection":[{"href":"https:\/\/rubi.com.py\/index.php\/wp-json\/wp\/v2\/product"}],"about":[{"href":"https:\/\/rubi.com.py\/index.php\/wp-json\/wp\/v2\/types\/product"}],"replies":[{"embeddable":true,"href":"https:\/\/rubi.com.py\/index.php\/wp-json\/wp\/v2\/comments?post=1058"}],"wp:featuredmedia":[{"embeddable":true,"href":"https:\/\/rubi.com.py\/index.php\/wp-json\/wp\/v2\/media\/5168"}],"wp:attachment":[{"href":"https:\/\/rubi.com.py\/index.php\/wp-json\/wp\/v2\/media?parent=1058"}],"wp:term":[{"taxonomy":"product_brand","embeddable":true,"href":"https:\/\/rubi.com.py\/index.php\/wp-json\/wp\/v2\/product_brand?post=1058"},{"taxonomy":"product_cat","embeddable":true,"href":"https:\/\/rubi.com.py\/index.php\/wp-json\/wp\/v2\/product_cat?post=1058"},{"taxonomy":"product_tag","embeddable":true,"href":"https:\/\/rubi.com.py\/index.php\/wp-json\/wp\/v2\/product_tag?post=1058"}],"curies":[{"name":"wp","href":"https:\/\/api.w.org\/{rel}","templated":true}]}}