{"id":1083,"date":"2025-10-07T18:14:12","date_gmt":"2025-10-07T16:14:12","guid":{"rendered":"https:\/\/rubi.com.py\/index.php\/producto\/accesorio-kitchenaid-exprimidor-de-frutas-mod-je\/"},"modified":"2026-04-23T01:11:22","modified_gmt":"2026-04-22T23:11:22","slug":"accesorio-kitchenaid-exprimidor-de-frutas-mod-je","status":"publish","type":"product","link":"https:\/\/rubi.com.py\/index.php\/producto\/accesorio-kitchenaid-exprimidor-de-frutas-mod-je\/","title":{"rendered":"ACCESORIO KITCHENAID EXPRIMIDOR DE FRUTAS MOD JE"},"content":{"rendered":"<p>Con el Exprimidor de Frutas C\u00edtricas, pod\u00e9s preparar r\u00e1pida y f\u00e1cilmente un nutritivo jugo de naranja, lim\u00f3n o pomelo. Su colador incorporado separa las semillas y la pulpa.\u00a0Compatible con todas las Batidoras KitchenAid. Detalles t\u00e9cnicos: \u2022 ANCHO: 16,5 CM \u2022 ALTO: 23 CM \u2022 LARGO: 12 CM \u2022 PESO: 1 GR<\/p>\n","protected":false},"excerpt":{"rendered":"<p>Con el Exprimidor de Frutas C\u00edtricas, pod\u00e9s preparar r\u00e1pida y f\u00e1cilmente un nutritivo jugo de naranja, lim\u00f3n o pomelo. Su colador incorporado separa las semillas y la pulpa.\u00a0Compatible con todas las Batidoras KitchenAid.<\/p>\n","protected":false},"featured_media":5163,"comment_status":"open","ping_status":"closed","template":"","meta":{"_et_pb_use_builder":"","_et_pb_old_content":"","_et_gb_content_width":""},"product_brand":[],"product_cat":[33],"product_tag":[],"class_list":{"0":"post-1083","1":"product","2":"type-product","3":"status-publish","4":"has-post-thumbnail","6":"product_cat-cocina-y-comedor","8":"first","9":"instock","10":"shipping-taxable","11":"purchasable","12":"product-type-simple"},"_links":{"self":[{"href":"https:\/\/rubi.com.py\/index.php\/wp-json\/wp\/v2\/product\/1083","targetHints":{"allow":["GET"]}}],"collection":[{"href":"https:\/\/rubi.com.py\/index.php\/wp-json\/wp\/v2\/product"}],"about":[{"href":"https:\/\/rubi.com.py\/index.php\/wp-json\/wp\/v2\/types\/product"}],"replies":[{"embeddable":true,"href":"https:\/\/rubi.com.py\/index.php\/wp-json\/wp\/v2\/comments?post=1083"}],"wp:featuredmedia":[{"embeddable":true,"href":"https:\/\/rubi.com.py\/index.php\/wp-json\/wp\/v2\/media\/5163"}],"wp:attachment":[{"href":"https:\/\/rubi.com.py\/index.php\/wp-json\/wp\/v2\/media?parent=1083"}],"wp:term":[{"taxonomy":"product_brand","embeddable":true,"href":"https:\/\/rubi.com.py\/index.php\/wp-json\/wp\/v2\/product_brand?post=1083"},{"taxonomy":"product_cat","embeddable":true,"href":"https:\/\/rubi.com.py\/index.php\/wp-json\/wp\/v2\/product_cat?post=1083"},{"taxonomy":"product_tag","embeddable":true,"href":"https:\/\/rubi.com.py\/index.php\/wp-json\/wp\/v2\/product_tag?post=1083"}],"curies":[{"name":"wp","href":"https:\/\/api.w.org\/{rel}","templated":true}]}}