{"id":1085,"date":"2025-10-07T18:14:35","date_gmt":"2025-10-07T16:14:35","guid":{"rendered":"https:\/\/rubi.com.py\/index.php\/producto\/accesorio-kitchenaid-extractor-de-jugo-mod-ksm1ja\/"},"modified":"2026-04-23T01:10:29","modified_gmt":"2026-04-22T23:10:29","slug":"accesorio-kitchenaid-extractor-de-jugo-mod-ksm1ja","status":"publish","type":"product","link":"https:\/\/rubi.com.py\/index.php\/producto\/accesorio-kitchenaid-extractor-de-jugo-mod-ksm1ja\/","title":{"rendered":"ACCESORIO KITCHENAID EXTRACTOR DE JUGO MOD KSM1JA"},"content":{"rendered":"<p>* Este exprimidor es un exprimidor lento (masticador) que primero rebanada y luego procesa. 3 pantallas de pulpa para jugos de pulpa baja y pulpa, salsas y mermeladas. * Tubo de alimentaci\u00f3n extra ancho para una variedad de tama\u00f1os de frutas y verduras suaves, duras o de hojas. * Alimentado por tu batidora KitchenAid. Se adapta a todas las batidoras de pie KitchenAid. * El modelo KSM1JA incluye 3 pantallas de pulpa, jarra, contenedor de residuos Im\u00e1genes meramente ilustrativas. Im\u00e1genes e informaci\u00f3n sujetas a cambios sin previo aviso. Detalles t\u00e9cnicos: \u2022 ANCHO: 34 CM \u2022 ALTO: 24 CM \u2022 LARGO: 32 CM \u2022 PESO: 1 GR<\/p>\n","protected":false},"excerpt":{"rendered":"<p>* Este exprimidor es un exprimidor lento (masticador) que primero rebanada y luego procesa. 3 pantallas de pulpa para jugos de pulpa baja y pulpa, salsas y mermeladas. * Tubo de alimentaci\u00f3n extra ancho para una variedad de tama\u00f1os de frutas y verduras suaves, duras o de hojas. * Alimentado por tu batidora KitchenAid. Se adapta a todas las batidoras de pie KitchenAid. * El modelo KSM1JA incluye 3 pantallas de pulpa, jarra, contenedor de residuos Im\u00e1genes meramente ilustrativas. Im\u00e1genes e informaci\u00f3n sujetas a cambios sin previo aviso.<\/p>\n","protected":false},"featured_media":5161,"comment_status":"open","ping_status":"closed","template":"","meta":{"_et_pb_use_builder":"","_et_pb_old_content":"","_et_gb_content_width":""},"product_brand":[],"product_cat":[33],"product_tag":[],"class_list":{"0":"post-1085","1":"product","2":"type-product","3":"status-publish","4":"has-post-thumbnail","6":"product_cat-cocina-y-comedor","8":"first","9":"instock","10":"shipping-taxable","11":"purchasable","12":"product-type-simple"},"_links":{"self":[{"href":"https:\/\/rubi.com.py\/index.php\/wp-json\/wp\/v2\/product\/1085","targetHints":{"allow":["GET"]}}],"collection":[{"href":"https:\/\/rubi.com.py\/index.php\/wp-json\/wp\/v2\/product"}],"about":[{"href":"https:\/\/rubi.com.py\/index.php\/wp-json\/wp\/v2\/types\/product"}],"replies":[{"embeddable":true,"href":"https:\/\/rubi.com.py\/index.php\/wp-json\/wp\/v2\/comments?post=1085"}],"wp:featuredmedia":[{"embeddable":true,"href":"https:\/\/rubi.com.py\/index.php\/wp-json\/wp\/v2\/media\/5161"}],"wp:attachment":[{"href":"https:\/\/rubi.com.py\/index.php\/wp-json\/wp\/v2\/media?parent=1085"}],"wp:term":[{"taxonomy":"product_brand","embeddable":true,"href":"https:\/\/rubi.com.py\/index.php\/wp-json\/wp\/v2\/product_brand?post=1085"},{"taxonomy":"product_cat","embeddable":true,"href":"https:\/\/rubi.com.py\/index.php\/wp-json\/wp\/v2\/product_cat?post=1085"},{"taxonomy":"product_tag","embeddable":true,"href":"https:\/\/rubi.com.py\/index.php\/wp-json\/wp\/v2\/product_tag?post=1085"}],"curies":[{"name":"wp","href":"https:\/\/api.w.org\/{rel}","templated":true}]}}