{"id":1142,"date":"2025-10-07T18:35:24","date_gmt":"2025-10-07T16:35:24","guid":{"rendered":"https:\/\/rubi.com.py\/index.php\/producto\/alisador-s31a-220-remington-collagen-and-biotin-therapy\/"},"modified":"2026-04-23T00:40:39","modified_gmt":"2026-04-22T22:40:39","slug":"alisador-s31a-220-remington-collagen-and-biotin-therapy","status":"publish","type":"product","link":"https:\/\/rubi.com.py\/index.php\/producto\/alisador-s31a-220-remington-collagen-and-biotin-therapy\/","title":{"rendered":"ALISADOR S31A-220 REMINGTON COLLAGEN AND BIOTIN THERAPY"},"content":{"rendered":"<p>* Recubrimiento cer\u00e1mico avanzado con micro acondicionador enriquecido con col\u00e1geno y biotina * 5 ajustes de temperatura desde 150 \u00b0C &#8211; 300 \u00b0F hasta 230 \u00b0C &#8211; 450 \u00b0F. * Calentamiento r\u00e1pido en 15 segundos. * Temperatura m\u00e1xima 230 \u00b0C &#8211; 450 \u00b0F. * Placa flotante extra larga de 110 mm. * 2 veces deslizamiento m\u00e1s suave. * Cable giratorio de 2.7 m. * 4 veces m\u00e1s cer\u00e1mica. * Apagado autom\u00e1tico. Im\u00e1genes meramente ilustrativas. Im\u00e1genes e informaci\u00f3n sujetas a cambios sin previo aviso. Detalles t\u00e9cnicos: \u2022 ANCHO: 37,5 CM \u2022 ALTO: 28,7 CM \u2022 LARGO: 37,5 CM \u2022 PESO: 2205 GR<\/p>\n","protected":false},"excerpt":{"rendered":"<p>* Recubrimiento cer\u00e1mico avanzado con micro acondicionador enriquecido con col\u00e1geno y biotina * 5 ajustes de temperatura desde 150 \u00b0C &#8211; 300 \u00b0F hasta 230 \u00b0C &#8211; 450 \u00b0F. * Calentamiento r\u00e1pido en 15 segundos. * Temperatura m\u00e1xima 230 \u00b0C &#8211; 450 \u00b0F. * Placa flotante extra larga de 110 mm. * 2 veces deslizamiento m\u00e1s suave. * Cable giratorio de 2.7 m. * 4 veces m\u00e1s cer\u00e1mica. * Apagado autom\u00e1tico. Im\u00e1genes meramente ilustrativas. Im\u00e1genes e informaci\u00f3n sujetas a cambios sin previo aviso.<\/p>\n","protected":false},"featured_media":5115,"comment_status":"open","ping_status":"closed","template":"","meta":{"_et_pb_use_builder":"","_et_pb_old_content":"","_et_gb_content_width":""},"product_brand":[],"product_cat":[45],"product_tag":[],"class_list":{"0":"post-1142","1":"product","2":"type-product","3":"status-publish","4":"has-post-thumbnail","6":"product_cat-salud-y-belleza","8":"first","9":"instock","10":"shipping-taxable","11":"purchasable","12":"product-type-simple"},"_links":{"self":[{"href":"https:\/\/rubi.com.py\/index.php\/wp-json\/wp\/v2\/product\/1142","targetHints":{"allow":["GET"]}}],"collection":[{"href":"https:\/\/rubi.com.py\/index.php\/wp-json\/wp\/v2\/product"}],"about":[{"href":"https:\/\/rubi.com.py\/index.php\/wp-json\/wp\/v2\/types\/product"}],"replies":[{"embeddable":true,"href":"https:\/\/rubi.com.py\/index.php\/wp-json\/wp\/v2\/comments?post=1142"}],"wp:featuredmedia":[{"embeddable":true,"href":"https:\/\/rubi.com.py\/index.php\/wp-json\/wp\/v2\/media\/5115"}],"wp:attachment":[{"href":"https:\/\/rubi.com.py\/index.php\/wp-json\/wp\/v2\/media?parent=1142"}],"wp:term":[{"taxonomy":"product_brand","embeddable":true,"href":"https:\/\/rubi.com.py\/index.php\/wp-json\/wp\/v2\/product_brand?post=1142"},{"taxonomy":"product_cat","embeddable":true,"href":"https:\/\/rubi.com.py\/index.php\/wp-json\/wp\/v2\/product_cat?post=1142"},{"taxonomy":"product_tag","embeddable":true,"href":"https:\/\/rubi.com.py\/index.php\/wp-json\/wp\/v2\/product_tag?post=1142"}],"curies":[{"name":"wp","href":"https:\/\/api.w.org\/{rel}","templated":true}]}}