{"id":1166,"date":"2025-10-07T18:43:29","date_gmt":"2025-10-07T16:43:29","guid":{"rendered":"https:\/\/rubi.com.py\/index.php\/producto\/anafe-whirlpool-induccion-acm806ba-4hor-vitroceramico-touch\/"},"modified":"2026-04-23T00:38:00","modified_gmt":"2026-04-22T22:38:00","slug":"anafe-whirlpool-induccion-acm806ba-4hor-vitroceramico-touch","status":"publish","type":"product","link":"https:\/\/rubi.com.py\/index.php\/producto\/anafe-whirlpool-induccion-acm806ba-4hor-vitroceramico-touch\/","title":{"rendered":"ANAFE WHIRLPOOL INDUCCION ACM806BA 4HOR VITROCERAMICO TOUCH"},"content":{"rendered":"<p>* Potencia 7.200 W. Bloqueo de seguridad. * Cocci\u00f3n Eficiente Los anafes de inducci\u00f3n calientan m\u00e1s r\u00e1pido que cualquier otro sistema, por lo cual no s\u00f3lo ahorras tiempo, sino tambi\u00e9n energ\u00eda. * Panel Touch El anafe posee un indicador luminoso que indica que las zonas a\u00fan se mantienen calientes para evitar accidentes en la cocina. * 4 Hornallas. * Vitrocer\u00e1mica Schott Ceran\u00ae. * Inducci\u00f3n. * Timer Sonoro. MEDIDAS. * Ancho 58 cm. * Alto 5,6 cm. * Profundidad 51 cm. Detalles t\u00e9cnicos: \u2022 ANCHO: 66 CM \u2022 ALTO: 11 CM \u2022 LARGO: 60 CM \u2022 PESO: 12500 GR<\/p>\n","protected":false},"excerpt":{"rendered":"<p>* Potencia 7.200 W. Bloqueo de seguridad. * Cocci\u00f3n Eficiente Los anafes de inducci\u00f3n calientan m\u00e1s r\u00e1pido que cualquier otro sistema, por lo cual no s\u00f3lo ahorras tiempo, sino tambi\u00e9n energ\u00eda. * Panel Touch El anafe posee un indicador luminoso que indica que las zonas a\u00fan se mantienen calientes para evitar accidentes en la cocina. * 4 Hornallas. * Vitrocer\u00e1mica Schott Ceran\u00ae. * Inducci\u00f3n. * Timer Sonoro. MEDIDAS. * Ancho 58 cm. * Alto 5,6 cm. * Profundidad 51 cm.<\/p>\n","protected":false},"featured_media":5110,"comment_status":"open","ping_status":"closed","template":"","meta":{"_et_pb_use_builder":"","_et_pb_old_content":"","_et_gb_content_width":""},"product_brand":[],"product_cat":[33],"product_tag":[],"class_list":{"0":"post-1166","1":"product","2":"type-product","3":"status-publish","4":"has-post-thumbnail","6":"product_cat-cocina-y-comedor","8":"first","9":"instock","10":"shipping-taxable","11":"purchasable","12":"product-type-simple"},"_links":{"self":[{"href":"https:\/\/rubi.com.py\/index.php\/wp-json\/wp\/v2\/product\/1166","targetHints":{"allow":["GET"]}}],"collection":[{"href":"https:\/\/rubi.com.py\/index.php\/wp-json\/wp\/v2\/product"}],"about":[{"href":"https:\/\/rubi.com.py\/index.php\/wp-json\/wp\/v2\/types\/product"}],"replies":[{"embeddable":true,"href":"https:\/\/rubi.com.py\/index.php\/wp-json\/wp\/v2\/comments?post=1166"}],"wp:featuredmedia":[{"embeddable":true,"href":"https:\/\/rubi.com.py\/index.php\/wp-json\/wp\/v2\/media\/5110"}],"wp:attachment":[{"href":"https:\/\/rubi.com.py\/index.php\/wp-json\/wp\/v2\/media?parent=1166"}],"wp:term":[{"taxonomy":"product_brand","embeddable":true,"href":"https:\/\/rubi.com.py\/index.php\/wp-json\/wp\/v2\/product_brand?post=1166"},{"taxonomy":"product_cat","embeddable":true,"href":"https:\/\/rubi.com.py\/index.php\/wp-json\/wp\/v2\/product_cat?post=1166"},{"taxonomy":"product_tag","embeddable":true,"href":"https:\/\/rubi.com.py\/index.php\/wp-json\/wp\/v2\/product_tag?post=1166"}],"curies":[{"name":"wp","href":"https:\/\/api.w.org\/{rel}","templated":true}]}}