{"id":1174,"date":"2025-10-07T18:45:44","date_gmt":"2025-10-07T16:45:44","guid":{"rendered":"https:\/\/rubi.com.py\/index.php\/producto\/aspiradora-tokyo-turbo-pro-1380w-cap-25lts\/"},"modified":"2026-04-23T00:40:14","modified_gmt":"2026-04-22T22:40:14","slug":"aspiradora-tokyo-turbo-pro-1380w-cap-25lts","status":"publish","type":"product","link":"https:\/\/rubi.com.py\/index.php\/producto\/aspiradora-tokyo-turbo-pro-1380w-cap-25lts\/","title":{"rendered":"ASPIRADORA TOKYO TURBO PRO 1380W CAP 25LTS"},"content":{"rendered":"<p>* Succiona desechos s\u00f3lidos y agua. * Tanque de acero inoxidable. * Aspira polvo, agua y sopla. * Capacidad 25 litros. * Ruedas pivotantes. * Potencia 1.380W. ACCESORIOS * Cepillo para peque\u00f1as superficies. * Bolsa de filtro no tejida. * Cepillo escurridor. * Tubo de metal. * Filtro HEPA. * Manguera. * Esponja. Im\u00e1genes meramente ilustrativas. Im\u00e1genes e informaci\u00f3n sujetas a cambios sin previo aviso. Detalles t\u00e9cnicos: \u2022 ANCHO: 34,5 CM \u2022 ALTO: 34,5 CM \u2022 LARGO: 58,5 CM \u2022 PESO: 6100 GR<\/p>\n","protected":false},"excerpt":{"rendered":"<p>* Succiona desechos s\u00f3lidos y agua. * Tanque de acero inoxidable. * Aspira polvo, agua y sopla. * Capacidad 25 litros. * Ruedas pivotantes. * Potencia 1.380W. ACCESORIOS * Cepillo para peque\u00f1as superficies. * Bolsa de filtro no tejida. * Cepillo escurridor. * Tubo de metal. * Filtro HEPA. * Manguera. * Esponja. Im\u00e1genes meramente ilustrativas. Im\u00e1genes e informaci\u00f3n sujetas a cambios sin previo aviso.<\/p>\n","protected":false},"featured_media":5114,"comment_status":"open","ping_status":"closed","template":"","meta":{"_et_pb_use_builder":"","_et_pb_old_content":"","_et_gb_content_width":""},"product_brand":[],"product_cat":[38],"product_tag":[],"class_list":{"0":"post-1174","1":"product","2":"type-product","3":"status-publish","4":"has-post-thumbnail","6":"product_cat-hogar-y-limpieza","8":"first","9":"instock","10":"shipping-taxable","11":"purchasable","12":"product-type-simple"},"_links":{"self":[{"href":"https:\/\/rubi.com.py\/index.php\/wp-json\/wp\/v2\/product\/1174","targetHints":{"allow":["GET"]}}],"collection":[{"href":"https:\/\/rubi.com.py\/index.php\/wp-json\/wp\/v2\/product"}],"about":[{"href":"https:\/\/rubi.com.py\/index.php\/wp-json\/wp\/v2\/types\/product"}],"replies":[{"embeddable":true,"href":"https:\/\/rubi.com.py\/index.php\/wp-json\/wp\/v2\/comments?post=1174"}],"wp:featuredmedia":[{"embeddable":true,"href":"https:\/\/rubi.com.py\/index.php\/wp-json\/wp\/v2\/media\/5114"}],"wp:attachment":[{"href":"https:\/\/rubi.com.py\/index.php\/wp-json\/wp\/v2\/media?parent=1174"}],"wp:term":[{"taxonomy":"product_brand","embeddable":true,"href":"https:\/\/rubi.com.py\/index.php\/wp-json\/wp\/v2\/product_brand?post=1174"},{"taxonomy":"product_cat","embeddable":true,"href":"https:\/\/rubi.com.py\/index.php\/wp-json\/wp\/v2\/product_cat?post=1174"},{"taxonomy":"product_tag","embeddable":true,"href":"https:\/\/rubi.com.py\/index.php\/wp-json\/wp\/v2\/product_tag?post=1174"}],"curies":[{"name":"wp","href":"https:\/\/api.w.org\/{rel}","templated":true}]}}