{"id":1196,"date":"2025-10-07T18:49:55","date_gmt":"2025-10-07T16:49:55","guid":{"rendered":"https:\/\/rubi.com.py\/index.php\/producto\/barra-de-sonido-jvc-th-ky526b-30w-hdmi-usb-bl\/"},"modified":"2026-04-23T00:20:26","modified_gmt":"2026-04-22T22:20:26","slug":"barra-de-sonido-jvc-th-ky526b-30w-hdmi-usb-bl","status":"publish","type":"product","link":"https:\/\/rubi.com.py\/index.php\/producto\/barra-de-sonido-jvc-th-ky526b-30w-hdmi-usb-bl\/","title":{"rendered":"BARRA DE SONIDO JVC TH-KY526B 30W HDMI USB BL"},"content":{"rendered":"<p>* Consumo de energ\u00eda 30W. * Salida de altavoz 15Wx2. * Entrada de audio \u00f3ptico. * Entrada auxiliar 3,5 mm. * Control remoto. * USB Playback. * Bluetooth 5.0. * HDMI. Im\u00e1genes meramente ilustrativas. Im\u00e1genes e informaci\u00f3n sujetas a cambios sin previo aviso. Detalles t\u00e9cnicos: \u2022 ANCHO: 33 CM \u2022 ALTO: 60 CM \u2022 LARGO: 29 CM \u2022 PESO: 8100 GR<\/p>\n","protected":false},"excerpt":{"rendered":"<p>* Consumo de energ\u00eda 30W. * Salida de altavoz 15Wx2. * Entrada de audio \u00f3ptico. * Entrada auxiliar 3,5 mm. * Control remoto. * USB Playback. * Bluetooth 5.0. * HDMI. Im\u00e1genes meramente ilustrativas. Im\u00e1genes e informaci\u00f3n sujetas a cambios sin previo aviso.<\/p>\n","protected":false},"featured_media":5085,"comment_status":"open","ping_status":"closed","template":"","meta":{"_et_pb_use_builder":"","_et_pb_old_content":"","_et_gb_content_width":""},"product_brand":[],"product_cat":[46],"product_tag":[],"class_list":{"0":"post-1196","1":"product","2":"type-product","3":"status-publish","4":"has-post-thumbnail","6":"product_cat-tecnologia","8":"first","9":"instock","10":"shipping-taxable","11":"purchasable","12":"product-type-simple"},"_links":{"self":[{"href":"https:\/\/rubi.com.py\/index.php\/wp-json\/wp\/v2\/product\/1196","targetHints":{"allow":["GET"]}}],"collection":[{"href":"https:\/\/rubi.com.py\/index.php\/wp-json\/wp\/v2\/product"}],"about":[{"href":"https:\/\/rubi.com.py\/index.php\/wp-json\/wp\/v2\/types\/product"}],"replies":[{"embeddable":true,"href":"https:\/\/rubi.com.py\/index.php\/wp-json\/wp\/v2\/comments?post=1196"}],"wp:featuredmedia":[{"embeddable":true,"href":"https:\/\/rubi.com.py\/index.php\/wp-json\/wp\/v2\/media\/5085"}],"wp:attachment":[{"href":"https:\/\/rubi.com.py\/index.php\/wp-json\/wp\/v2\/media?parent=1196"}],"wp:term":[{"taxonomy":"product_brand","embeddable":true,"href":"https:\/\/rubi.com.py\/index.php\/wp-json\/wp\/v2\/product_brand?post=1196"},{"taxonomy":"product_cat","embeddable":true,"href":"https:\/\/rubi.com.py\/index.php\/wp-json\/wp\/v2\/product_cat?post=1196"},{"taxonomy":"product_tag","embeddable":true,"href":"https:\/\/rubi.com.py\/index.php\/wp-json\/wp\/v2\/product_tag?post=1196"}],"curies":[{"name":"wp","href":"https:\/\/api.w.org\/{rel}","templated":true}]}}