{"id":1204,"date":"2025-10-07T18:51:23","date_gmt":"2025-10-07T16:51:23","guid":{"rendered":"https:\/\/rubi.com.py\/index.php\/producto\/barra-de-sonido-sony-ht-s400-330w-2-1-subwoofer-inalambrico-hdmi-bl\/"},"modified":"2026-04-23T00:21:20","modified_gmt":"2026-04-22T22:21:20","slug":"barra-de-sonido-sony-ht-s400-330w-2-1-subwoofer-inalambrico-hdmi-bl","status":"publish","type":"product","link":"https:\/\/rubi.com.py\/index.php\/producto\/barra-de-sonido-sony-ht-s400-330w-2-1-subwoofer-inalambrico-hdmi-bl\/","title":{"rendered":"BARRA DE SONIDO SONY HT-S400 330W 2.1 SUBWOOFER INALAMBRICO HDMI BL"},"content":{"rendered":"<p>* Parlantes X-Balanced para mayor presi\u00f3n ac\u00fastica, claridad y menor distorsi\u00f3n. * 2.1 canales una barra de dos canales y un subwoofer inal\u00e1mbrico. * S-Force PROSurroundpara sonido virtual lateral envolvente. * Formatos de audio Dolby Digital, Dolby Dual Mono, SBC. * Peso barra 2.4kg, subwoofer 7.3 kg. * Dolby Audio para sonido envolvente. * Modo de sonido campo sonoro. * Amplificador digital S-Master. * Potencia total de 330W. * Bluetooth 5.0. * 1 HDMI ARC. Im\u00e1genes meramente ilustrativas. Im\u00e1genes e informaci\u00f3n sujetas a cambios sin previo aviso. Detalles t\u00e9cnicos: \u2022 COLOR: NEGRO COLOR \u2022 ANCHO: 90 CM \u2022 ALTO: 6,4 CM \u2022 LARGO: 8,8 CM \u2022 PESO: 2400 GR<\/p>\n","protected":false},"excerpt":{"rendered":"<p>* Parlantes X-Balanced para mayor presi\u00f3n ac\u00fastica, claridad y menor distorsi\u00f3n. * 2.1 canales una barra de dos canales y un subwoofer inal\u00e1mbrico. * S-Force PROSurroundpara sonido virtual lateral envolvente. * Formatos de audio Dolby Digital, Dolby Dual Mono, SBC. * Peso barra 2.4kg, subwoofer 7.3 kg. * Dolby Audio para sonido envolvente. * Modo de sonido campo sonoro. * Amplificador digital S-Master. * Potencia total de 330W. * Bluetooth 5.0. * 1 HDMI ARC. Im\u00e1genes meramente ilustrativas. Im\u00e1genes e informaci\u00f3n sujetas a cambios sin previo aviso.<\/p>\n","protected":false},"featured_media":5088,"comment_status":"open","ping_status":"closed","template":"","meta":{"_et_pb_use_builder":"","_et_pb_old_content":"","_et_gb_content_width":""},"product_brand":[],"product_cat":[46],"product_tag":[],"class_list":{"0":"post-1204","1":"product","2":"type-product","3":"status-publish","4":"has-post-thumbnail","6":"product_cat-tecnologia","8":"first","9":"instock","10":"shipping-taxable","11":"purchasable","12":"product-type-simple"},"_links":{"self":[{"href":"https:\/\/rubi.com.py\/index.php\/wp-json\/wp\/v2\/product\/1204","targetHints":{"allow":["GET"]}}],"collection":[{"href":"https:\/\/rubi.com.py\/index.php\/wp-json\/wp\/v2\/product"}],"about":[{"href":"https:\/\/rubi.com.py\/index.php\/wp-json\/wp\/v2\/types\/product"}],"replies":[{"embeddable":true,"href":"https:\/\/rubi.com.py\/index.php\/wp-json\/wp\/v2\/comments?post=1204"}],"wp:featuredmedia":[{"embeddable":true,"href":"https:\/\/rubi.com.py\/index.php\/wp-json\/wp\/v2\/media\/5088"}],"wp:attachment":[{"href":"https:\/\/rubi.com.py\/index.php\/wp-json\/wp\/v2\/media?parent=1204"}],"wp:term":[{"taxonomy":"product_brand","embeddable":true,"href":"https:\/\/rubi.com.py\/index.php\/wp-json\/wp\/v2\/product_brand?post=1204"},{"taxonomy":"product_cat","embeddable":true,"href":"https:\/\/rubi.com.py\/index.php\/wp-json\/wp\/v2\/product_cat?post=1204"},{"taxonomy":"product_tag","embeddable":true,"href":"https:\/\/rubi.com.py\/index.php\/wp-json\/wp\/v2\/product_tag?post=1204"}],"curies":[{"name":"wp","href":"https:\/\/api.w.org\/{rel}","templated":true}]}}