{"id":1206,"date":"2025-10-07T18:51:44","date_gmt":"2025-10-07T16:51:44","guid":{"rendered":"https:\/\/rubi.com.py\/index.php\/producto\/barra-de-sonido-sony-ht-x8500-400w-2-1-subwoofer-integrado-hdmi-bl\/"},"modified":"2026-04-23T00:21:37","modified_gmt":"2026-04-22T22:21:37","slug":"barra-de-sonido-sony-ht-x8500-400w-2-1-subwoofer-integrado-hdmi-bl","status":"publish","type":"product","link":"https:\/\/rubi.com.py\/index.php\/producto\/barra-de-sonido-sony-ht-x8500-400w-2-1-subwoofer-integrado-hdmi-bl\/","title":{"rendered":"BARRA DE SONIDO SONY HT-X8500 400W 2.1 SUBWOOFER INTEGRADO HDMI BL"},"content":{"rendered":"<p>* 2.1 canales una barra de tres canales y doble subwoofer integrado. * Potencia total de 400 W. * Amplificador digital S-Master. * Dolby Atmos y DTSX para sonido de cine. * S-Force PRO Surround para sonido virtual lateral envolvente. * Vertical Surround Engine para sonido virtual vertical envolvente. * Modos de sonido autom\u00e1tico, cine, m\u00fasica, juegos, noticias, deportes, est\u00e1ndar. * Bluetooth 5.0. * 1 HDMI eARCARC. * 1 entrada \u00f3ptica. * 4K HDR10, HLG y Dolby Vision. * Formatos de audio Dolby Digital Plus, Dolby TrueHD, Dolby Dual Mono, DTS HD Master, DTSX, AAC, SBC. * Peso barra 3.1 kg. Detalles t\u00e9cnicos: \u2022 POTENCIA: 400 Watts \u2022 ANCHO: 8,9 CM \u2022 ALTO: 6,4 CM \u2022 LARGO: 9,6 CM \u2022 PESO: 3100 GR<\/p>\n","protected":false},"excerpt":{"rendered":"<p>* 2.1 canales una barra de tres canales y doble subwoofer integrado. * Potencia total de 400 W. * Amplificador digital S-Master. * Dolby Atmos y DTSX para sonido de cine. * S-Force PRO Surround para sonido virtual lateral envolvente. * Vertical Surround Engine para sonido virtual vertical envolvente. * Modos de sonido autom\u00e1tico, cine, m\u00fasica, juegos, noticias, deportes, est\u00e1ndar. * Bluetooth 5.0. * 1 HDMI eARCARC. * 1 entrada \u00f3ptica. * 4K HDR10, HLG y Dolby Vision. * Formatos de audio Dolby Digital Plus, Dolby TrueHD, Dolby Dual Mono, DTS HD Master, DTSX, AAC, SBC. * Peso barra 3.1 kg.<\/p>\n","protected":false},"featured_media":5089,"comment_status":"open","ping_status":"closed","template":"","meta":{"_et_pb_use_builder":"","_et_pb_old_content":"","_et_gb_content_width":""},"product_brand":[],"product_cat":[46],"product_tag":[],"class_list":{"0":"post-1206","1":"product","2":"type-product","3":"status-publish","4":"has-post-thumbnail","6":"product_cat-tecnologia","8":"first","9":"instock","10":"shipping-taxable","11":"purchasable","12":"product-type-simple"},"_links":{"self":[{"href":"https:\/\/rubi.com.py\/index.php\/wp-json\/wp\/v2\/product\/1206","targetHints":{"allow":["GET"]}}],"collection":[{"href":"https:\/\/rubi.com.py\/index.php\/wp-json\/wp\/v2\/product"}],"about":[{"href":"https:\/\/rubi.com.py\/index.php\/wp-json\/wp\/v2\/types\/product"}],"replies":[{"embeddable":true,"href":"https:\/\/rubi.com.py\/index.php\/wp-json\/wp\/v2\/comments?post=1206"}],"wp:featuredmedia":[{"embeddable":true,"href":"https:\/\/rubi.com.py\/index.php\/wp-json\/wp\/v2\/media\/5089"}],"wp:attachment":[{"href":"https:\/\/rubi.com.py\/index.php\/wp-json\/wp\/v2\/media?parent=1206"}],"wp:term":[{"taxonomy":"product_brand","embeddable":true,"href":"https:\/\/rubi.com.py\/index.php\/wp-json\/wp\/v2\/product_brand?post=1206"},{"taxonomy":"product_cat","embeddable":true,"href":"https:\/\/rubi.com.py\/index.php\/wp-json\/wp\/v2\/product_cat?post=1206"},{"taxonomy":"product_tag","embeddable":true,"href":"https:\/\/rubi.com.py\/index.php\/wp-json\/wp\/v2\/product_tag?post=1206"}],"curies":[{"name":"wp","href":"https:\/\/api.w.org\/{rel}","templated":true}]}}