{"id":1224,"date":"2025-10-07T18:55:56","date_gmt":"2025-10-07T16:55:56","guid":{"rendered":"https:\/\/rubi.com.py\/index.php\/producto\/batidora-kitchenaid-artisan-5ksm195psehi-hibiscus-4-8l-bowl-extra\/"},"modified":"2026-04-23T00:18:55","modified_gmt":"2026-04-22T22:18:55","slug":"batidora-kitchenaid-artisan-5ksm195psehi-hibiscus-4-8l-bowl-extra","status":"publish","type":"product","link":"https:\/\/rubi.com.py\/index.php\/producto\/batidora-kitchenaid-artisan-5ksm195psehi-hibiscus-4-8l-bowl-extra\/","title":{"rendered":"BATIDORA KITCHENAID ARTISAN 5KSM195PSEHI HIBISCUS 4.8L BOWL EXTRA"},"content":{"rendered":"<p>* 59 puntos de contacto para lograr un batido homog\u00e9neo. * Centro de conexi\u00f3n para accesorios. * Capacidad 4.8 litros. * Potencia 300 W. * 10 velocidades. ACCESORIOS. * Escudo vertedor con seguro. * Batidor de pasteler\u00eda. * Bowl extra de 3 litros. * Gancho amasador. * Batidor plano. * Batidor globo. * Raspador. Im\u00e1genes meramente ilustrativas. Im\u00e1genes e informaci\u00f3n sujetas a cambios sin previo aviso. Detalles t\u00e9cnicos: \u2022 ANCHO: 50 CM \u2022 ALTO: 34,5 CM \u2022 LARGO: 44 CM \u2022 PESO: 15390 GR<\/p>\n","protected":false},"excerpt":{"rendered":"<p>* 59 puntos de contacto para lograr un batido homog\u00e9neo. * Centro de conexi\u00f3n para accesorios. * Capacidad 4.8 litros. * Potencia 300 W. * 10 velocidades. ACCESORIOS. * Escudo vertedor con seguro. * Batidor de pasteler\u00eda. * Bowl extra de 3 litros. * Gancho amasador. * Batidor plano. * Batidor globo. * Raspador. Im\u00e1genes meramente ilustrativas. Im\u00e1genes e informaci\u00f3n sujetas a cambios sin previo aviso.<\/p>\n","protected":false},"featured_media":5081,"comment_status":"open","ping_status":"closed","template":"","meta":{"_et_pb_use_builder":"","_et_pb_old_content":"","_et_gb_content_width":""},"product_brand":[],"product_cat":[33],"product_tag":[],"class_list":{"0":"post-1224","1":"product","2":"type-product","3":"status-publish","4":"has-post-thumbnail","6":"product_cat-cocina-y-comedor","8":"first","9":"instock","10":"shipping-taxable","11":"purchasable","12":"product-type-simple"},"_links":{"self":[{"href":"https:\/\/rubi.com.py\/index.php\/wp-json\/wp\/v2\/product\/1224","targetHints":{"allow":["GET"]}}],"collection":[{"href":"https:\/\/rubi.com.py\/index.php\/wp-json\/wp\/v2\/product"}],"about":[{"href":"https:\/\/rubi.com.py\/index.php\/wp-json\/wp\/v2\/types\/product"}],"replies":[{"embeddable":true,"href":"https:\/\/rubi.com.py\/index.php\/wp-json\/wp\/v2\/comments?post=1224"}],"wp:featuredmedia":[{"embeddable":true,"href":"https:\/\/rubi.com.py\/index.php\/wp-json\/wp\/v2\/media\/5081"}],"wp:attachment":[{"href":"https:\/\/rubi.com.py\/index.php\/wp-json\/wp\/v2\/media?parent=1224"}],"wp:term":[{"taxonomy":"product_brand","embeddable":true,"href":"https:\/\/rubi.com.py\/index.php\/wp-json\/wp\/v2\/product_brand?post=1224"},{"taxonomy":"product_cat","embeddable":true,"href":"https:\/\/rubi.com.py\/index.php\/wp-json\/wp\/v2\/product_cat?post=1224"},{"taxonomy":"product_tag","embeddable":true,"href":"https:\/\/rubi.com.py\/index.php\/wp-json\/wp\/v2\/product_tag?post=1224"}],"curies":[{"name":"wp","href":"https:\/\/api.w.org\/{rel}","templated":true}]}}