{"id":1245,"date":"2025-10-07T19:05:05","date_gmt":"2025-10-07T17:05:05","guid":{"rendered":"https:\/\/rubi.com.py\/index.php\/producto\/bebedero-tokyo-de-pie-agua-fria-caliente-tok1091p\/"},"modified":"2026-04-23T00:15:43","modified_gmt":"2026-04-22T22:15:43","slug":"bebedero-tokyo-de-pie-agua-fria-caliente-tok1091p","status":"publish","type":"product","link":"https:\/\/rubi.com.py\/index.php\/producto\/bebedero-tokyo-de-pie-agua-fria-caliente-tok1091p\/","title":{"rendered":"BEBEDERO TOKYO DE PIE AGUA FRIA\/CALIENTE TOK1091P"},"content":{"rendered":"<p>* Capacidad de calentamiento 5 lts-h. * Capacidad de enfriamiento 2,8 lts-h. * Fr\u00edo TROPICALIZADO. * Con caj\u00f3n para vasos. * Para uso con bid\u00f3n. * Potencia 580W. MEDIDAS DEL PRODUCTO. * Ancho 28 cm. * Alto 84 cm. * Profundidad 28 cm. Im\u00e1genes meramente ilustrativas. Im\u00e1genes e informaci\u00f3n sujetas a cambios sin previo aviso. Detalles t\u00e9cnicos: \u2022 TENSION ELECTRICA: 220 VOLTIOS \u2022 FRECUENCIA ELECTRICA: 50 HERTZ \u2022 POTENCIA: 580 Watts \u2022 ANCHO: 33 CM \u2022 ALTO: 87 CM \u2022 LARGO: 33 CM \u2022 PESO: 14100 GR<\/p>\n","protected":false},"excerpt":{"rendered":"<p>* Capacidad de calentamiento 5 lts-h. * Capacidad de enfriamiento 2,8 lts-h. * Fr\u00edo TROPICALIZADO. * Con caj\u00f3n para vasos. * Para uso con bid\u00f3n. * Potencia 580W. MEDIDAS DEL PRODUCTO. * Ancho 28 cm. * Alto 84 cm. * Profundidad 28 cm. Im\u00e1genes meramente ilustrativas. Im\u00e1genes e informaci\u00f3n sujetas a cambios sin previo aviso.<\/p>\n","protected":false},"featured_media":5074,"comment_status":"open","ping_status":"closed","template":"","meta":{"_et_pb_use_builder":"","_et_pb_old_content":"","_et_gb_content_width":""},"product_brand":[],"product_cat":[43],"product_tag":[],"class_list":{"0":"post-1245","1":"product","2":"type-product","3":"status-publish","4":"has-post-thumbnail","6":"product_cat-refrigeracion","8":"first","9":"instock","10":"shipping-taxable","11":"purchasable","12":"product-type-simple"},"_links":{"self":[{"href":"https:\/\/rubi.com.py\/index.php\/wp-json\/wp\/v2\/product\/1245","targetHints":{"allow":["GET"]}}],"collection":[{"href":"https:\/\/rubi.com.py\/index.php\/wp-json\/wp\/v2\/product"}],"about":[{"href":"https:\/\/rubi.com.py\/index.php\/wp-json\/wp\/v2\/types\/product"}],"replies":[{"embeddable":true,"href":"https:\/\/rubi.com.py\/index.php\/wp-json\/wp\/v2\/comments?post=1245"}],"wp:featuredmedia":[{"embeddable":true,"href":"https:\/\/rubi.com.py\/index.php\/wp-json\/wp\/v2\/media\/5074"}],"wp:attachment":[{"href":"https:\/\/rubi.com.py\/index.php\/wp-json\/wp\/v2\/media?parent=1245"}],"wp:term":[{"taxonomy":"product_brand","embeddable":true,"href":"https:\/\/rubi.com.py\/index.php\/wp-json\/wp\/v2\/product_brand?post=1245"},{"taxonomy":"product_cat","embeddable":true,"href":"https:\/\/rubi.com.py\/index.php\/wp-json\/wp\/v2\/product_cat?post=1245"},{"taxonomy":"product_tag","embeddable":true,"href":"https:\/\/rubi.com.py\/index.php\/wp-json\/wp\/v2\/product_tag?post=1245"}],"curies":[{"name":"wp","href":"https:\/\/api.w.org\/{rel}","templated":true}]}}