{"id":1257,"date":"2025-10-07T19:07:31","date_gmt":"2025-10-07T17:07:31","guid":{"rendered":"https:\/\/rubi.com.py\/index.php\/producto\/bicicleta-spinning-semi-profesional-evolution-sp2600-130kg-disco-20kg\/"},"modified":"2026-04-23T00:02:22","modified_gmt":"2026-04-22T22:02:22","slug":"bicicleta-spinning-semi-profesional-evolution-sp2600-130kg-disco-20kg","status":"publish","type":"product","link":"https:\/\/rubi.com.py\/index.php\/producto\/bicicleta-spinning-semi-profesional-evolution-sp2600-130kg-disco-20kg\/","title":{"rendered":"BICICLETA SPINNING SEMI PROFESIONAL EVOLUTION SP2600 130KG DISCO 20KG"},"content":{"rendered":"<p>* Ajuste vertical y horizontal en el asiento y manubrio. * Peso m\u00e1ximo del usuario 130 kg. * Ruedas que facilitan el traslado. * Peso del producto 45 kg. * Disco de inercia 20 kg. * Uso profesional. Im\u00e1genes meramente ilustrativas. Im\u00e1genes e informaci\u00f3n sujetas a cambios sin previo aviso. Detalles t\u00e9cnicos: \u2022 CAPACIDAD: 130 kilogramo \u2022 ANCHO: 108 CM \u2022 ALTO: 24 CM \u2022 LARGO: 85 CM \u2022 PESO: 35000 GR<\/p>\n","protected":false},"excerpt":{"rendered":"<p>* Ajuste vertical y horizontal en el asiento y manubrio. * Peso m\u00e1ximo del usuario 130 kg. * Ruedas que facilitan el traslado. * Peso del producto 45 kg. * Disco de inercia 20 kg. * Uso profesional. Im\u00e1genes meramente ilustrativas. Im\u00e1genes e informaci\u00f3n sujetas a cambios sin previo aviso.<\/p>\n","protected":false},"featured_media":5059,"comment_status":"open","ping_status":"closed","template":"","meta":{"_et_pb_use_builder":"","_et_pb_old_content":"","_et_gb_content_width":""},"product_brand":[],"product_cat":[35],"product_tag":[],"class_list":{"0":"post-1257","1":"product","2":"type-product","3":"status-publish","4":"has-post-thumbnail","6":"product_cat-equipos-de-gimnasia","8":"first","9":"instock","10":"shipping-taxable","11":"purchasable","12":"product-type-simple"},"_links":{"self":[{"href":"https:\/\/rubi.com.py\/index.php\/wp-json\/wp\/v2\/product\/1257","targetHints":{"allow":["GET"]}}],"collection":[{"href":"https:\/\/rubi.com.py\/index.php\/wp-json\/wp\/v2\/product"}],"about":[{"href":"https:\/\/rubi.com.py\/index.php\/wp-json\/wp\/v2\/types\/product"}],"replies":[{"embeddable":true,"href":"https:\/\/rubi.com.py\/index.php\/wp-json\/wp\/v2\/comments?post=1257"}],"wp:featuredmedia":[{"embeddable":true,"href":"https:\/\/rubi.com.py\/index.php\/wp-json\/wp\/v2\/media\/5059"}],"wp:attachment":[{"href":"https:\/\/rubi.com.py\/index.php\/wp-json\/wp\/v2\/media?parent=1257"}],"wp:term":[{"taxonomy":"product_brand","embeddable":true,"href":"https:\/\/rubi.com.py\/index.php\/wp-json\/wp\/v2\/product_brand?post=1257"},{"taxonomy":"product_cat","embeddable":true,"href":"https:\/\/rubi.com.py\/index.php\/wp-json\/wp\/v2\/product_cat?post=1257"},{"taxonomy":"product_tag","embeddable":true,"href":"https:\/\/rubi.com.py\/index.php\/wp-json\/wp\/v2\/product_tag?post=1257"}],"curies":[{"name":"wp","href":"https:\/\/api.w.org\/{rel}","templated":true}]}}