{"id":1276,"date":"2025-10-07T19:14:04","date_gmt":"2025-10-07T17:14:04","guid":{"rendered":"https:\/\/rubi.com.py\/index.php\/producto\/cafetera-dolce-gusto-moulinex-genio-s-touch-silver\/"},"modified":"2026-04-22T23:59:07","modified_gmt":"2026-04-22T21:59:07","slug":"cafetera-dolce-gusto-moulinex-genio-s-touch-silver","status":"publish","type":"product","link":"https:\/\/rubi.com.py\/index.php\/producto\/cafetera-dolce-gusto-moulinex-genio-s-touch-silver\/","title":{"rendered":"CAFETERA DOLCE GUSTO MOULINEX GENIO S TOUCH SILVER"},"content":{"rendered":"<p>* Compatible con c\u00e1psulas de caf\u00e9, leche y chocolate. * Con panel t\u00e1ctil luminoso y bandeja de goteo. * Con modo de ahorro de energ\u00eda (opcional). * Capacidad del dep\u00f3sito 0,8 litros. * Funci\u00f3n XL y Espresso Boost. * Presi\u00f3n de trabajo 15 bar. * 4 niveles de temperatura. * Dosificaci\u00f3n autom\u00e1tica. * Potencia 1600 W. Im\u00e1genes meramente ilustrativas. Im\u00e1genes e informaci\u00f3n sujetas a cambios sin previo aviso. Detalles t\u00e9cnicos: \u2022 POTENCIA: 1600 Watts \u2022 CAPACIDAD: 0.8 Litros \u2022 ANCHO: 14,5 CM \u2022 ALTO: 33,5 CM \u2022 LARGO: 32,5 CM \u2022 PESO: 2500 GR<\/p>\n","protected":false},"excerpt":{"rendered":"<p>* Compatible con c\u00e1psulas de caf\u00e9, leche y chocolate. * Con panel t\u00e1ctil luminoso y bandeja de goteo. * Con modo de ahorro de energ\u00eda (opcional). * Capacidad del dep\u00f3sito 0,8 litros. * Funci\u00f3n XL y Espresso Boost. * Presi\u00f3n de trabajo 15 bar. * 4 niveles de temperatura. * Dosificaci\u00f3n autom\u00e1tica. * Potencia 1600 W. Im\u00e1genes meramente ilustrativas. Im\u00e1genes e informaci\u00f3n sujetas a cambios sin previo aviso.<\/p>\n","protected":false},"featured_media":5051,"comment_status":"open","ping_status":"closed","template":"","meta":{"_et_pb_use_builder":"","_et_pb_old_content":"","_et_gb_content_width":""},"product_brand":[],"product_cat":[33],"product_tag":[],"class_list":{"0":"post-1276","1":"product","2":"type-product","3":"status-publish","4":"has-post-thumbnail","6":"product_cat-cocina-y-comedor","8":"first","9":"instock","10":"shipping-taxable","11":"purchasable","12":"product-type-simple"},"_links":{"self":[{"href":"https:\/\/rubi.com.py\/index.php\/wp-json\/wp\/v2\/product\/1276","targetHints":{"allow":["GET"]}}],"collection":[{"href":"https:\/\/rubi.com.py\/index.php\/wp-json\/wp\/v2\/product"}],"about":[{"href":"https:\/\/rubi.com.py\/index.php\/wp-json\/wp\/v2\/types\/product"}],"replies":[{"embeddable":true,"href":"https:\/\/rubi.com.py\/index.php\/wp-json\/wp\/v2\/comments?post=1276"}],"wp:featuredmedia":[{"embeddable":true,"href":"https:\/\/rubi.com.py\/index.php\/wp-json\/wp\/v2\/media\/5051"}],"wp:attachment":[{"href":"https:\/\/rubi.com.py\/index.php\/wp-json\/wp\/v2\/media?parent=1276"}],"wp:term":[{"taxonomy":"product_brand","embeddable":true,"href":"https:\/\/rubi.com.py\/index.php\/wp-json\/wp\/v2\/product_brand?post=1276"},{"taxonomy":"product_cat","embeddable":true,"href":"https:\/\/rubi.com.py\/index.php\/wp-json\/wp\/v2\/product_cat?post=1276"},{"taxonomy":"product_tag","embeddable":true,"href":"https:\/\/rubi.com.py\/index.php\/wp-json\/wp\/v2\/product_tag?post=1276"}],"curies":[{"name":"wp","href":"https:\/\/api.w.org\/{rel}","templated":true}]}}