{"id":1280,"date":"2025-10-07T19:14:49","date_gmt":"2025-10-07T17:14:49","guid":{"rendered":"https:\/\/rubi.com.py\/index.php\/producto\/cafetera-dolce-gusto-moulinex-mod-mini-me-negra-adaptador\/"},"modified":"2026-04-22T23:59:41","modified_gmt":"2026-04-22T21:59:41","slug":"cafetera-dolce-gusto-moulinex-mod-mini-me-negra-adaptador","status":"publish","type":"product","link":"https:\/\/rubi.com.py\/index.php\/producto\/cafetera-dolce-gusto-moulinex-mod-mini-me-negra-adaptador\/","title":{"rendered":"CAFETERA DOLCE GUSTO MOULINEX MOD MINI ME NEGRA + ADAPTADOR"},"content":{"rendered":"<p>* Su diferencial de multibebidas, permite disfrutar de una amplia variedad de bebidas, desde caf\u00e9 hasta chocolate, opciones fr\u00edas y calientes. * Su sistema de alta presi\u00f3n de 15 bares permite disfrutar de una crema espesa aterciopelada y una abundante espuma. * Dosificaci\u00f3n autom\u00e1tica. * Indicador nivel de agua. * Dispositivo antigoteo. * Apagado autom\u00e1tico. * Capacidad 0,8 lts. * Potencia 1600W. Im\u00e1genes meramente ilustrativas. Im\u00e1genes e informaci\u00f3n sujetas a cambios sin previo aviso. Detalles t\u00e9cnicos: \u2022 ANCHO: 19 CM \u2022 ALTO: 34,5 CM \u2022 LARGO: 28 CM \u2022 PESO: 3625 GR<\/p>\n","protected":false},"excerpt":{"rendered":"<p>* Su diferencial de multibebidas, permite disfrutar de una amplia variedad de bebidas, desde caf\u00e9 hasta chocolate, opciones fr\u00edas y calientes. * Su sistema de alta presi\u00f3n de 15 bares permite disfrutar de una crema espesa aterciopelada y una abundante espuma. * Dosificaci\u00f3n autom\u00e1tica. * Indicador nivel de agua. * Dispositivo antigoteo. * Apagado autom\u00e1tico. * Capacidad 0,8 lts. * Potencia 1600W. Im\u00e1genes meramente ilustrativas. Im\u00e1genes e informaci\u00f3n sujetas a cambios sin previo aviso.<\/p>\n","protected":false},"featured_media":5053,"comment_status":"open","ping_status":"closed","template":"","meta":{"_et_pb_use_builder":"","_et_pb_old_content":"","_et_gb_content_width":""},"product_brand":[],"product_cat":[33],"product_tag":[],"class_list":{"0":"post-1280","1":"product","2":"type-product","3":"status-publish","4":"has-post-thumbnail","6":"product_cat-cocina-y-comedor","8":"first","9":"instock","10":"shipping-taxable","11":"purchasable","12":"product-type-simple"},"_links":{"self":[{"href":"https:\/\/rubi.com.py\/index.php\/wp-json\/wp\/v2\/product\/1280","targetHints":{"allow":["GET"]}}],"collection":[{"href":"https:\/\/rubi.com.py\/index.php\/wp-json\/wp\/v2\/product"}],"about":[{"href":"https:\/\/rubi.com.py\/index.php\/wp-json\/wp\/v2\/types\/product"}],"replies":[{"embeddable":true,"href":"https:\/\/rubi.com.py\/index.php\/wp-json\/wp\/v2\/comments?post=1280"}],"wp:featuredmedia":[{"embeddable":true,"href":"https:\/\/rubi.com.py\/index.php\/wp-json\/wp\/v2\/media\/5053"}],"wp:attachment":[{"href":"https:\/\/rubi.com.py\/index.php\/wp-json\/wp\/v2\/media?parent=1280"}],"wp:term":[{"taxonomy":"product_brand","embeddable":true,"href":"https:\/\/rubi.com.py\/index.php\/wp-json\/wp\/v2\/product_brand?post=1280"},{"taxonomy":"product_cat","embeddable":true,"href":"https:\/\/rubi.com.py\/index.php\/wp-json\/wp\/v2\/product_cat?post=1280"},{"taxonomy":"product_tag","embeddable":true,"href":"https:\/\/rubi.com.py\/index.php\/wp-json\/wp\/v2\/product_tag?post=1280"}],"curies":[{"name":"wp","href":"https:\/\/api.w.org\/{rel}","templated":true}]}}