{"id":1289,"date":"2025-10-07T19:16:34","date_gmt":"2025-10-07T17:16:34","guid":{"rendered":"https:\/\/rubi.com.py\/index.php\/producto\/cafetera-krups-calvi-xp341-espresso-compacta-1450-w-1l-corte-automatico\/"},"modified":"2026-03-13T17:31:28","modified_gmt":"2026-03-13T16:31:28","slug":"cafetera-krups-calvi-xp341-espresso-compacta-1450-w-1l-corte-automatico","status":"publish","type":"product","link":"https:\/\/rubi.com.py\/index.php\/producto\/cafetera-krups-calvi-xp341-espresso-compacta-1450-w-1l-corte-automatico\/","title":{"rendered":"CAFETERA KRUPS CALVI XP341 ESPRESSO COMPACTA 1450 W 1L CORTE AUTOMATICO"},"content":{"rendered":"<p>* Cuenta con tecnolog\u00eda termobloque y con regulaci\u00f3n autom\u00e1tica de temperatura. * Ideal para preparar un aut\u00e9ntico expreso. * Tama\u00f1o compacto y peso reducido. * Presi\u00f3n de trabajo 15 bares. * Compatible con caf\u00e9 molido. * Potencia 1460W. Im\u00e1genes meramente ilustrativas. Im\u00e1genes e informaci\u00f3n sujetas a cambios sin previo aviso. Detalles t\u00e9cnicos: \u2022 POTENCIA: 1460 Watts \u2022 ANCHO: 20 CM \u2022 ALTO: 35 CM \u2022 LARGO: 37,5 CM \u2022 PESO: 2095 GR<\/p>\n","protected":false},"excerpt":{"rendered":"<p>* Cuenta con tecnolog\u00eda termobloque y con regulaci\u00f3n autom\u00e1tica de temperatura. * Ideal para preparar un aut\u00e9ntico expreso. * Tama\u00f1o compacto y peso reducido. * Presi\u00f3n de trabajo 15 bares. * Compatible con caf\u00e9 molido. * Potencia 1460W. Im\u00e1genes meramente ilustrativas. Im\u00e1genes e informaci\u00f3n sujetas a cambios sin previo aviso.<\/p>\n","protected":false},"featured_media":1885,"comment_status":"open","ping_status":"closed","template":"","meta":{"_et_pb_use_builder":"","_et_pb_old_content":"","_et_gb_content_width":""},"product_brand":[],"product_cat":[33],"product_tag":[],"class_list":{"0":"post-1289","1":"product","2":"type-product","3":"status-publish","4":"has-post-thumbnail","6":"product_cat-cocina-y-comedor","8":"first","9":"instock","10":"shipping-taxable","11":"purchasable","12":"product-type-simple"},"_links":{"self":[{"href":"https:\/\/rubi.com.py\/index.php\/wp-json\/wp\/v2\/product\/1289","targetHints":{"allow":["GET"]}}],"collection":[{"href":"https:\/\/rubi.com.py\/index.php\/wp-json\/wp\/v2\/product"}],"about":[{"href":"https:\/\/rubi.com.py\/index.php\/wp-json\/wp\/v2\/types\/product"}],"replies":[{"embeddable":true,"href":"https:\/\/rubi.com.py\/index.php\/wp-json\/wp\/v2\/comments?post=1289"}],"wp:featuredmedia":[{"embeddable":true,"href":"https:\/\/rubi.com.py\/index.php\/wp-json\/wp\/v2\/media\/1885"}],"wp:attachment":[{"href":"https:\/\/rubi.com.py\/index.php\/wp-json\/wp\/v2\/media?parent=1289"}],"wp:term":[{"taxonomy":"product_brand","embeddable":true,"href":"https:\/\/rubi.com.py\/index.php\/wp-json\/wp\/v2\/product_brand?post=1289"},{"taxonomy":"product_cat","embeddable":true,"href":"https:\/\/rubi.com.py\/index.php\/wp-json\/wp\/v2\/product_cat?post=1289"},{"taxonomy":"product_tag","embeddable":true,"href":"https:\/\/rubi.com.py\/index.php\/wp-json\/wp\/v2\/product_tag?post=1289"}],"curies":[{"name":"wp","href":"https:\/\/api.w.org\/{rel}","templated":true}]}}