{"id":1296,"date":"2025-10-07T19:19:05","date_gmt":"2025-10-07T17:19:05","guid":{"rendered":"https:\/\/rubi.com.py\/index.php\/producto\/cafetera-moulinex-dg-piccolo-xs-negra\/"},"modified":"2026-04-22T23:46:06","modified_gmt":"2026-04-22T21:46:06","slug":"cafetera-moulinex-dg-piccolo-xs-negra","status":"publish","type":"product","link":"https:\/\/rubi.com.py\/index.php\/producto\/cafetera-moulinex-dg-piccolo-xs-negra\/","title":{"rendered":"CAFETERA MOULINEX DG PICCOLO XS NEGRA."},"content":{"rendered":"<p>* El sistema de alta presi\u00f3n de hasta 15 bares consigue bebidas de calidad profesional coronados por una sedosa y agradable capa de crema. * Disfrut\u00e1 con ella m\u00e1s de 20 variedades de bebidas e intensidades, como caf\u00e9, chocolate, te, fr\u00edos y calientes. * Modo Eco Apagado autom\u00e1tico despu\u00e9s de 5 minutos. * Indicador nivel de agua. * Dispositivo antigoteo. * Dosificaci\u00f3n manual. * Capacidad de 1 litro. * Dise\u00f1o compacto. * Potencia 1500W. Im\u00e1genes meramente ilustrativas. Im\u00e1genes e informaci\u00f3n sujetas a cambios sin previo aviso. Detalles t\u00e9cnicos: \u2022 ANCHO: 28,5 CM \u2022 ALTO: 30,5 CM \u2022 LARGO: 17,5 CM \u2022 PESO: 2400 GR<\/p>\n","protected":false},"excerpt":{"rendered":"<p>* El sistema de alta presi\u00f3n de hasta 15 bares consigue bebidas de calidad profesional coronados por una sedosa y agradable capa de crema. * Disfrut\u00e1 con ella m\u00e1s de 20 variedades de bebidas e intensidades, como caf\u00e9, chocolate, te, fr\u00edos y calientes. * Modo Eco Apagado autom\u00e1tico despu\u00e9s de 5 minutos. * Indicador nivel de agua. * Dispositivo antigoteo. * Dosificaci\u00f3n manual. * Capacidad de 1 litro. * Dise\u00f1o compacto. * Potencia 1500W. Im\u00e1genes meramente ilustrativas. Im\u00e1genes e informaci\u00f3n sujetas a cambios sin previo aviso.<\/p>\n","protected":false},"featured_media":5041,"comment_status":"open","ping_status":"closed","template":"","meta":{"_et_pb_use_builder":"","_et_pb_old_content":"","_et_gb_content_width":""},"product_brand":[],"product_cat":[33],"product_tag":[],"class_list":{"0":"post-1296","1":"product","2":"type-product","3":"status-publish","4":"has-post-thumbnail","6":"product_cat-cocina-y-comedor","8":"first","9":"instock","10":"shipping-taxable","11":"purchasable","12":"product-type-simple"},"_links":{"self":[{"href":"https:\/\/rubi.com.py\/index.php\/wp-json\/wp\/v2\/product\/1296","targetHints":{"allow":["GET"]}}],"collection":[{"href":"https:\/\/rubi.com.py\/index.php\/wp-json\/wp\/v2\/product"}],"about":[{"href":"https:\/\/rubi.com.py\/index.php\/wp-json\/wp\/v2\/types\/product"}],"replies":[{"embeddable":true,"href":"https:\/\/rubi.com.py\/index.php\/wp-json\/wp\/v2\/comments?post=1296"}],"wp:featuredmedia":[{"embeddable":true,"href":"https:\/\/rubi.com.py\/index.php\/wp-json\/wp\/v2\/media\/5041"}],"wp:attachment":[{"href":"https:\/\/rubi.com.py\/index.php\/wp-json\/wp\/v2\/media?parent=1296"}],"wp:term":[{"taxonomy":"product_brand","embeddable":true,"href":"https:\/\/rubi.com.py\/index.php\/wp-json\/wp\/v2\/product_brand?post=1296"},{"taxonomy":"product_cat","embeddable":true,"href":"https:\/\/rubi.com.py\/index.php\/wp-json\/wp\/v2\/product_cat?post=1296"},{"taxonomy":"product_tag","embeddable":true,"href":"https:\/\/rubi.com.py\/index.php\/wp-json\/wp\/v2\/product_tag?post=1296"}],"curies":[{"name":"wp","href":"https:\/\/api.w.org\/{rel}","templated":true}]}}