{"id":1318,"date":"2025-10-07T19:25:03","date_gmt":"2025-10-07T17:25:03","guid":{"rendered":"https:\/\/rubi.com.py\/index.php\/producto\/caminadora-evolution-evo4000pro-150-kg-220v-50hz\/"},"modified":"2026-04-22T23:36:58","modified_gmt":"2026-04-22T21:36:58","slug":"caminadora-evolution-evo4000pro-150-kg-220v-50hz","status":"publish","type":"product","link":"https:\/\/rubi.com.py\/index.php\/producto\/caminadora-evolution-evo4000pro-150-kg-220v-50hz\/","title":{"rendered":"CAMINADORA EVOLUTION EVO4000PRO 150 KG 220V\/50Hz"},"content":{"rendered":"<p>* Panel LCD7 en color azul que mide velocidad, tiempo, distancia, calor\u00edas, frecuencia cardiaca. * Sistema de impacto con 8 amortiguadores de alto performance. * Superficie de caminar 50&#215;137 cm. * Peso m\u00e1ximo del usuario 150 kg. * Hand grip integrado al pegador. * 8 programas pre establecidas. * Peso del producto 86 kg. * Velocidad 1 a 20 km-h. * Motor WEG 2HP AC. * Llave de seguridad. * Uso profesional. MEDIDAS DEL PRODUCTO. * Alto 190 cm. * Ancho 79,5 cm. * Profundidad 140 cm. Im\u00e1genes meramente ilustrativas. Im\u00e1genes e informaci\u00f3n sujetas a cambios sin previo aviso. Detalles t\u00e9cnicos: \u2022 CAPACIDAD: 150 kilogramo \u2022 ANCHO: 39 CM \u2022 ALTO: 191 CM \u2022 LARGO: 85 CM \u2022 PESO: 88000 GR<\/p>\n","protected":false},"excerpt":{"rendered":"<p>* Panel LCD7 en color azul que mide velocidad, tiempo, distancia, calor\u00edas, frecuencia cardiaca. * Sistema de impacto con 8 amortiguadores de alto performance. * Superficie de caminar 50&#215;137 cm. * Peso m\u00e1ximo del usuario 150 kg. * Hand grip integrado al pegador. * 8 programas pre establecidas. * Peso del producto 86 kg. * Velocidad 1 a 20 km-h. * Motor WEG 2HP AC. * Llave de seguridad. * Uso profesional. MEDIDAS DEL PRODUCTO. * Alto 190 cm. * Ancho 79,5 cm. * Profundidad 140 cm. Im\u00e1genes meramente ilustrativas. Im\u00e1genes e informaci\u00f3n sujetas a cambios sin previo aviso.<\/p>\n","protected":false},"featured_media":5032,"comment_status":"open","ping_status":"closed","template":"","meta":{"_et_pb_use_builder":"","_et_pb_old_content":"","_et_gb_content_width":""},"product_brand":[],"product_cat":[35],"product_tag":[],"class_list":{"0":"post-1318","1":"product","2":"type-product","3":"status-publish","4":"has-post-thumbnail","6":"product_cat-equipos-de-gimnasia","8":"first","9":"instock","10":"shipping-taxable","11":"purchasable","12":"product-type-simple"},"_links":{"self":[{"href":"https:\/\/rubi.com.py\/index.php\/wp-json\/wp\/v2\/product\/1318","targetHints":{"allow":["GET"]}}],"collection":[{"href":"https:\/\/rubi.com.py\/index.php\/wp-json\/wp\/v2\/product"}],"about":[{"href":"https:\/\/rubi.com.py\/index.php\/wp-json\/wp\/v2\/types\/product"}],"replies":[{"embeddable":true,"href":"https:\/\/rubi.com.py\/index.php\/wp-json\/wp\/v2\/comments?post=1318"}],"wp:featuredmedia":[{"embeddable":true,"href":"https:\/\/rubi.com.py\/index.php\/wp-json\/wp\/v2\/media\/5032"}],"wp:attachment":[{"href":"https:\/\/rubi.com.py\/index.php\/wp-json\/wp\/v2\/media?parent=1318"}],"wp:term":[{"taxonomy":"product_brand","embeddable":true,"href":"https:\/\/rubi.com.py\/index.php\/wp-json\/wp\/v2\/product_brand?post=1318"},{"taxonomy":"product_cat","embeddable":true,"href":"https:\/\/rubi.com.py\/index.php\/wp-json\/wp\/v2\/product_cat?post=1318"},{"taxonomy":"product_tag","embeddable":true,"href":"https:\/\/rubi.com.py\/index.php\/wp-json\/wp\/v2\/product_tag?post=1318"}],"curies":[{"name":"wp","href":"https:\/\/api.w.org\/{rel}","templated":true}]}}