{"id":1331,"date":"2025-10-07T19:28:16","date_gmt":"2025-10-07T17:28:16","guid":{"rendered":"https:\/\/rubi.com.py\/index.php\/producto\/campana-piramidal-tokyo-inox-nea-4h-60cm-1000-m3-h-filtro-c\/"},"modified":"2026-04-22T16:16:28","modified_gmt":"2026-04-22T14:16:28","slug":"campana-piramidal-tokyo-inox-nea-4h-60cm-1000-m3-h-filtro-c","status":"publish","type":"product","link":"https:\/\/rubi.com.py\/index.php\/producto\/campana-piramidal-tokyo-inox-nea-4h-60cm-1000-m3-h-filtro-c\/","title":{"rendered":"CAMPANA PIRAMIDAL TOKYO INOX NEA 4H 60CM 1000 M3\/H FILTRO\/C"},"content":{"rendered":"<p>* Con filtro antigrasa y luz incorporada. * Capacidad de succi\u00f3n 1000 m\u00b3-h. * Totalmente inoxidable. * Potencia 180W. * 3 velocidades. MEDIDAS DEL PRODUCTO. * Ancho 60 cm. * Profundidad 50 cm. * Altura de cubre ca\u00f1o 1 m. Im\u00e1genes meramente ilustrativas. Im\u00e1genes e informaci\u00f3n sujetas a cambios sin previo aviso. Detalles t\u00e9cnicos: \u2022 ANCHO: 63 CM \u2022 ALTO: 33,5 CM \u2022 LARGO: 56 CM \u2022 PESO: 11500 GR<\/p>\n","protected":false},"excerpt":{"rendered":"<p>* Con filtro antigrasa y luz incorporada. * Capacidad de succi\u00f3n 1000 m\u00b3-h. * Totalmente inoxidable. * Potencia 180W. * 3 velocidades. MEDIDAS DEL PRODUCTO. * Ancho 60 cm. * Profundidad 50 cm. * Altura de cubre ca\u00f1o 1 m. Im\u00e1genes meramente ilustrativas. Im\u00e1genes e informaci\u00f3n sujetas a cambios sin previo aviso.<\/p>\n","protected":false},"featured_media":5007,"comment_status":"open","ping_status":"closed","template":"","meta":{"_et_pb_use_builder":"","_et_pb_old_content":"","_et_gb_content_width":""},"product_brand":[],"product_cat":[33],"product_tag":[],"class_list":{"0":"post-1331","1":"product","2":"type-product","3":"status-publish","4":"has-post-thumbnail","6":"product_cat-cocina-y-comedor","8":"first","9":"instock","10":"shipping-taxable","11":"purchasable","12":"product-type-simple"},"_links":{"self":[{"href":"https:\/\/rubi.com.py\/index.php\/wp-json\/wp\/v2\/product\/1331","targetHints":{"allow":["GET"]}}],"collection":[{"href":"https:\/\/rubi.com.py\/index.php\/wp-json\/wp\/v2\/product"}],"about":[{"href":"https:\/\/rubi.com.py\/index.php\/wp-json\/wp\/v2\/types\/product"}],"replies":[{"embeddable":true,"href":"https:\/\/rubi.com.py\/index.php\/wp-json\/wp\/v2\/comments?post=1331"}],"wp:featuredmedia":[{"embeddable":true,"href":"https:\/\/rubi.com.py\/index.php\/wp-json\/wp\/v2\/media\/5007"}],"wp:attachment":[{"href":"https:\/\/rubi.com.py\/index.php\/wp-json\/wp\/v2\/media?parent=1331"}],"wp:term":[{"taxonomy":"product_brand","embeddable":true,"href":"https:\/\/rubi.com.py\/index.php\/wp-json\/wp\/v2\/product_brand?post=1331"},{"taxonomy":"product_cat","embeddable":true,"href":"https:\/\/rubi.com.py\/index.php\/wp-json\/wp\/v2\/product_cat?post=1331"},{"taxonomy":"product_tag","embeddable":true,"href":"https:\/\/rubi.com.py\/index.php\/wp-json\/wp\/v2\/product_tag?post=1331"}],"curies":[{"name":"wp","href":"https:\/\/api.w.org\/{rel}","templated":true}]}}