{"id":1359,"date":"2025-10-07T19:36:36","date_gmt":"2025-10-07T17:36:36","guid":{"rendered":"https:\/\/rubi.com.py\/index.php\/producto\/cepillo-secador-as15a-remington-3t-2v-1200w\/"},"modified":"2026-04-22T15:34:08","modified_gmt":"2026-04-22T13:34:08","slug":"cepillo-secador-as15a-remington-3t-2v-1200w","status":"publish","type":"product","link":"https:\/\/rubi.com.py\/index.php\/producto\/cepillo-secador-as15a-remington-3t-2v-1200w\/","title":{"rendered":"CEPILLO SECADOR AS15A REMINGTON 3T 2V 1200W"},"content":{"rendered":"<p>* Acondicionamiento i\u00f3nico 90% m\u00e1s de iones. * 3 configuraciones de temperatura. * Cable giratorio para m\u00e1s agilidad. * R\u00e1faga de aire frio. * Potencia 1200 W. * 2 velocidades. Im\u00e1genes meramente ilustrativas. Im\u00e1genes e informaci\u00f3n sujetas a cambios sin previo aviso. Detalles t\u00e9cnicos: \u2022 ANCHO: 6,3 CM \u2022 ALTO: 15,1 CM \u2022 LARGO: 33,4 CM \u2022 PESO: 1 GR<\/p>\n","protected":false},"excerpt":{"rendered":"<p>* Acondicionamiento i\u00f3nico 90% m\u00e1s de iones. * 3 configuraciones de temperatura. * Cable giratorio para m\u00e1s agilidad. * R\u00e1faga de aire frio. * Potencia 1200 W. * 2 velocidades. Im\u00e1genes meramente ilustrativas. Im\u00e1genes e informaci\u00f3n sujetas a cambios sin previo aviso.<\/p>\n","protected":false},"featured_media":5001,"comment_status":"open","ping_status":"closed","template":"","meta":{"_et_pb_use_builder":"","_et_pb_old_content":"","_et_gb_content_width":""},"product_brand":[],"product_cat":[45],"product_tag":[],"class_list":{"0":"post-1359","1":"product","2":"type-product","3":"status-publish","4":"has-post-thumbnail","6":"product_cat-salud-y-belleza","8":"first","9":"instock","10":"shipping-taxable","11":"purchasable","12":"product-type-simple"},"_links":{"self":[{"href":"https:\/\/rubi.com.py\/index.php\/wp-json\/wp\/v2\/product\/1359","targetHints":{"allow":["GET"]}}],"collection":[{"href":"https:\/\/rubi.com.py\/index.php\/wp-json\/wp\/v2\/product"}],"about":[{"href":"https:\/\/rubi.com.py\/index.php\/wp-json\/wp\/v2\/types\/product"}],"replies":[{"embeddable":true,"href":"https:\/\/rubi.com.py\/index.php\/wp-json\/wp\/v2\/comments?post=1359"}],"wp:featuredmedia":[{"embeddable":true,"href":"https:\/\/rubi.com.py\/index.php\/wp-json\/wp\/v2\/media\/5001"}],"wp:attachment":[{"href":"https:\/\/rubi.com.py\/index.php\/wp-json\/wp\/v2\/media?parent=1359"}],"wp:term":[{"taxonomy":"product_brand","embeddable":true,"href":"https:\/\/rubi.com.py\/index.php\/wp-json\/wp\/v2\/product_brand?post=1359"},{"taxonomy":"product_cat","embeddable":true,"href":"https:\/\/rubi.com.py\/index.php\/wp-json\/wp\/v2\/product_cat?post=1359"},{"taxonomy":"product_tag","embeddable":true,"href":"https:\/\/rubi.com.py\/index.php\/wp-json\/wp\/v2\/product_tag?post=1359"}],"curies":[{"name":"wp","href":"https:\/\/api.w.org\/{rel}","templated":true}]}}