{"id":2336,"date":"2026-03-13T19:26:41","date_gmt":"2026-03-13T18:26:41","guid":{"rendered":"https:\/\/rubi.com.py\/index.php\/producto\/tv-jvc-65-smart-4k-google-mod-lt65km548\/"},"modified":"2026-04-19T23:40:11","modified_gmt":"2026-04-19T21:40:11","slug":"tv-jvc-65-smart-4k-google-mod-lt65km548","status":"publish","type":"product","link":"https:\/\/rubi.com.py\/index.php\/producto\/tv-jvc-65-smart-4k-google-mod-lt65km548\/","title":{"rendered":"TV JVC 65 SMART 4K GOOGLE MOD LT65KM548"},"content":{"rendered":"<p>* Frameless. * Resoluci\u00f3n HD. * 3 HDMI. * 2 USB. * LAN RJ-45. * Audio OUT. * Built-in. * WiFi. * Bluetooth. * Dolby Audio \u00ae. * Control remoto con Google Assistant One-click Netflix y YouTube. * Google Play, HBO max, Disney+, Youtube, Netflix. * Chromecast Inclu\u00eddo. * Google Cast. Im\u00e1genes meramente ilustrativas. Im\u00e1genes e informaci\u00f3n sujetas a cambios sin previo aviso. Detalles t\u00e9cnicos: \u2022 ANCHO: 15 CM \u2022 ALTO: 93,5 CM \u2022 LARGO: 158 CM \u2022 PESO: 20400 GR<\/p>\n","protected":false},"excerpt":{"rendered":"<p>* Frameless. * Resoluci\u00f3n HD. * 3 HDMI. * 2 USB. * LAN RJ-45. * Audio OUT. * Built-in. * WiFi. * Bluetooth. * Dolby Audio \u00ae. * Control remoto con Google Assistant One-click Netflix y YouTube. * Google Play, HBO max, Disney+, Youtube, Netflix. * Chromecast Inclu\u00eddo. * Google Cast. Im\u00e1genes meramente ilustrativas. Im\u00e1genes e informaci\u00f3n sujetas a cambios sin previo aviso.<\/p>\n","protected":false},"featured_media":3988,"comment_status":"open","ping_status":"closed","template":"","meta":{"_et_pb_use_builder":"","_et_pb_old_content":"","_et_gb_content_width":""},"product_brand":[],"product_cat":[46],"product_tag":[],"class_list":{"0":"post-2336","1":"product","2":"type-product","3":"status-publish","4":"has-post-thumbnail","6":"product_cat-tecnologia","8":"first","9":"instock","10":"sale","11":"shipping-taxable","12":"purchasable","13":"product-type-simple"},"_links":{"self":[{"href":"https:\/\/rubi.com.py\/index.php\/wp-json\/wp\/v2\/product\/2336","targetHints":{"allow":["GET"]}}],"collection":[{"href":"https:\/\/rubi.com.py\/index.php\/wp-json\/wp\/v2\/product"}],"about":[{"href":"https:\/\/rubi.com.py\/index.php\/wp-json\/wp\/v2\/types\/product"}],"replies":[{"embeddable":true,"href":"https:\/\/rubi.com.py\/index.php\/wp-json\/wp\/v2\/comments?post=2336"}],"wp:featuredmedia":[{"embeddable":true,"href":"https:\/\/rubi.com.py\/index.php\/wp-json\/wp\/v2\/media\/3988"}],"wp:attachment":[{"href":"https:\/\/rubi.com.py\/index.php\/wp-json\/wp\/v2\/media?parent=2336"}],"wp:term":[{"taxonomy":"product_brand","embeddable":true,"href":"https:\/\/rubi.com.py\/index.php\/wp-json\/wp\/v2\/product_brand?post=2336"},{"taxonomy":"product_cat","embeddable":true,"href":"https:\/\/rubi.com.py\/index.php\/wp-json\/wp\/v2\/product_cat?post=2336"},{"taxonomy":"product_tag","embeddable":true,"href":"https:\/\/rubi.com.py\/index.php\/wp-json\/wp\/v2\/product_tag?post=2336"}],"curies":[{"name":"wp","href":"https:\/\/api.w.org\/{rel}","templated":true}]}}