{"id":2462,"date":"2026-04-12T03:53:56","date_gmt":"2026-04-12T01:53:56","guid":{"rendered":"https:\/\/rubi.com.py\/index.php\/producto\/soporte-de-tv-movil-articulado-kolke-kvs-794\/"},"modified":"2026-04-15T13:38:03","modified_gmt":"2026-04-15T11:38:03","slug":"soporte-de-tv-movil-articulado-kolke-kvs-794","status":"publish","type":"product","link":"https:\/\/rubi.com.py\/index.php\/producto\/soporte-de-tv-movil-articulado-kolke-kvs-794\/","title":{"rendered":"SOPORTE DE TV MOVIL ARTICULADO KOLKE KVS-794"},"content":{"rendered":"<p>SOPORTE DE TV MOVIL ARTICULADO KOLKE KVS-794 Caracter\u00edsticas: -Soporte de pared articulado y m\u00f3vil. -Compatible con televisores de 37&#8243; a 80&#8243;, incluidos modelos curvos. -Capacidad de carga de hasta 40 kg. -Montaje VESA universal (hasta 600 \u00d7 400 mm). -Amplia compatibilidad VESA: 100\u00d7100, 100\u00d7150, 150\u00d7100, 100\u00d7200, 200\u00d7100, 150\u00d7150, 200\u00d7200, 300\u00d7200, 400\u00d7200, 300\u00d7300, 400\u00d7300, 600\u00d7200, 400\u00d7400, 600\u00d7300, 600\u00d7400. -Pasa-cables de velcro para mantener el \u00e1rea ordenada. -Inclinaci\u00f3n: +3\u00b0 a -15\u00b0. -Rotaci\u00f3n lateral: +60\u00b0 a -60\u00b0. -Nivelaci\u00f3n de pantalla: +3\u00b0 a -3\u00b0. -Distancia ajustable a la pared: 67 mm a 355 mm. -Incluye nivel de burbuja para una alineaci\u00f3n precisa. -Dise\u00f1o elegante, delgado y resistente. -Instalaci\u00f3n r\u00e1pida y sencilla. -Dimensiones del soporte: 35.5 \u00d7 64 \u00d7 42 cm. -Incluye tornillos M6 y M8, tacos Fischer y tornillos ST6 \u00d7 55 para un montaje seguro.<\/p>\n","protected":false},"excerpt":{"rendered":"<p>SOPORTE DE TV MOVIL ARTICULADO KOLKE KVS-794<\/p>\n","protected":false},"featured_media":2611,"comment_status":"open","ping_status":"closed","template":"","meta":{"_et_pb_use_builder":"","_et_pb_old_content":"","_et_gb_content_width":""},"product_brand":[],"product_cat":[36,46],"product_tag":[],"class_list":{"0":"post-2462","1":"product","2":"type-product","3":"status-publish","4":"has-post-thumbnail","6":"product_cat-ferreteria","7":"product_cat-tecnologia","9":"first","10":"instock","11":"shipping-taxable","12":"purchasable","13":"product-type-simple"},"_links":{"self":[{"href":"https:\/\/rubi.com.py\/index.php\/wp-json\/wp\/v2\/product\/2462","targetHints":{"allow":["GET"]}}],"collection":[{"href":"https:\/\/rubi.com.py\/index.php\/wp-json\/wp\/v2\/product"}],"about":[{"href":"https:\/\/rubi.com.py\/index.php\/wp-json\/wp\/v2\/types\/product"}],"replies":[{"embeddable":true,"href":"https:\/\/rubi.com.py\/index.php\/wp-json\/wp\/v2\/comments?post=2462"}],"wp:featuredmedia":[{"embeddable":true,"href":"https:\/\/rubi.com.py\/index.php\/wp-json\/wp\/v2\/media\/2611"}],"wp:attachment":[{"href":"https:\/\/rubi.com.py\/index.php\/wp-json\/wp\/v2\/media?parent=2462"}],"wp:term":[{"taxonomy":"product_brand","embeddable":true,"href":"https:\/\/rubi.com.py\/index.php\/wp-json\/wp\/v2\/product_brand?post=2462"},{"taxonomy":"product_cat","embeddable":true,"href":"https:\/\/rubi.com.py\/index.php\/wp-json\/wp\/v2\/product_cat?post=2462"},{"taxonomy":"product_tag","embeddable":true,"href":"https:\/\/rubi.com.py\/index.php\/wp-json\/wp\/v2\/product_tag?post=2462"}],"curies":[{"name":"wp","href":"https:\/\/api.w.org\/{rel}","templated":true}]}}