{"id":2491,"date":"2026-04-13T14:31:41","date_gmt":"2026-04-13T12:31:41","guid":{"rendered":"https:\/\/rubi.com.py\/index.php\/producto\/freidora-sin-aceite-digital-nappo-doble-dual-fry-10l-con-visor-nef-323\/"},"modified":"2026-04-15T13:46:04","modified_gmt":"2026-04-15T11:46:04","slug":"freidora-sin-aceite-digital-nappo-doble-dual-fry-10l-con-visor-nef-323","status":"publish","type":"product","link":"https:\/\/rubi.com.py\/index.php\/producto\/freidora-sin-aceite-digital-nappo-doble-dual-fry-10l-con-visor-nef-323\/","title":{"rendered":"FREIDORA SIN ACEITE DIGITAL NAPPO DOBLE DUAL FRY 10L CON VISOR NEF-323"},"content":{"rendered":"<p>FREIDORA SIN ACEITE DIGITAL NAPPO DOBLE DUAL FRY 10L CON VISOR NEF-323 Caracter\u00edsticas: -Doble cesta. -Capad XL: 10L. -Potencia: 2200W. -Panel t\u00e1ctil a color, doble pantalla. -Cestas con ventana de visualizaci\u00f3n y luz interior. -10 funciones preestablecidas. -Temperatura ajustable: 55o a 200\u00b0C. -Timer ajustable hasta 24hs. -Funci\u00f3n Sincronizado o Dual. -Incluye: Pinza<\/p>\n","protected":false},"excerpt":{"rendered":"<p>FREIDORA SIN ACEITE DIGITAL NAPPO DOBLE DUAL FRY 10L CON VISOR NEF-323<\/p>\n","protected":false},"featured_media":2633,"comment_status":"open","ping_status":"closed","template":"","meta":{"_et_pb_use_builder":"","_et_pb_old_content":"","_et_gb_content_width":""},"product_brand":[],"product_cat":[33],"product_tag":[],"class_list":{"0":"post-2491","1":"product","2":"type-product","3":"status-publish","4":"has-post-thumbnail","6":"product_cat-cocina-y-comedor","8":"first","9":"instock","10":"shipping-taxable","11":"purchasable","12":"product-type-simple"},"_links":{"self":[{"href":"https:\/\/rubi.com.py\/index.php\/wp-json\/wp\/v2\/product\/2491","targetHints":{"allow":["GET"]}}],"collection":[{"href":"https:\/\/rubi.com.py\/index.php\/wp-json\/wp\/v2\/product"}],"about":[{"href":"https:\/\/rubi.com.py\/index.php\/wp-json\/wp\/v2\/types\/product"}],"replies":[{"embeddable":true,"href":"https:\/\/rubi.com.py\/index.php\/wp-json\/wp\/v2\/comments?post=2491"}],"wp:featuredmedia":[{"embeddable":true,"href":"https:\/\/rubi.com.py\/index.php\/wp-json\/wp\/v2\/media\/2633"}],"wp:attachment":[{"href":"https:\/\/rubi.com.py\/index.php\/wp-json\/wp\/v2\/media?parent=2491"}],"wp:term":[{"taxonomy":"product_brand","embeddable":true,"href":"https:\/\/rubi.com.py\/index.php\/wp-json\/wp\/v2\/product_brand?post=2491"},{"taxonomy":"product_cat","embeddable":true,"href":"https:\/\/rubi.com.py\/index.php\/wp-json\/wp\/v2\/product_cat?post=2491"},{"taxonomy":"product_tag","embeddable":true,"href":"https:\/\/rubi.com.py\/index.php\/wp-json\/wp\/v2\/product_tag?post=2491"}],"curies":[{"name":"wp","href":"https:\/\/api.w.org\/{rel}","templated":true}]}}