{"id":2558,"date":"2026-04-15T13:12:06","date_gmt":"2026-04-15T11:12:06","guid":{"rendered":"https:\/\/rubi.com.py\/index.php\/producto\/lavarropas-automatica-tokyo-cecilia-inverter-gris-105kg-1500rpm\/"},"modified":"2026-04-15T13:12:28","modified_gmt":"2026-04-15T11:12:28","slug":"lavarropas-automatica-tokyo-cecilia-inverter-gris-105kg-1500rpm","status":"publish","type":"product","link":"https:\/\/rubi.com.py\/index.php\/producto\/lavarropas-automatica-tokyo-cecilia-inverter-gris-105kg-1500rpm\/","title":{"rendered":"LAVARROPAS AUTOMATICA TOKYO CECILIA INVERTER GRIS 10,5KG 1500RPM"},"content":{"rendered":"<p>* Temperatura m\u00e1xima de agua 90\u00b0C regulable. * Velocidad de centrifugado 1.500 RPM. * 14 programas de lavado. * Motor Inverter BLDC. * Pantalla LED digital. * Capacidad 10.5 Kg. * Bloqueo para ni\u00f1os. * Panel touch. MEDIDAS DEL PRODUCTO. * 60x85x57 cm. Im\u00e1genes meramente ilustrativas. Im\u00e1genes e informaci\u00f3n sujetas a cambios sin previo aviso. Detalles t\u00e9cnicos: \u2022 ANCHO: 59,5 CM \u2022 ALTO: 47,5 CM \u2022 LARGO: 85 CM \u2022 PESO: 72000 GR<\/p>\n","protected":false},"excerpt":{"rendered":"<p>* Temperatura m\u00e1xima de agua 90\u00b0C regulable. * Velocidad de centrifugado 1.500 RPM. * 14 programas de lavado. * Motor Inverter BLDC. * Pantalla LED digital. * Capacidad 10.5 Kg. * Bloqueo para ni\u00f1os. * Panel touch. MEDIDAS DEL PRODUCTO. * 60x85x57 cm. Im\u00e1genes meramente ilustrativas. Im\u00e1genes e informaci\u00f3n sujetas a cambios sin previo aviso.<\/p>\n","protected":false},"featured_media":2559,"comment_status":"open","ping_status":"closed","template":"","meta":{"_et_pb_use_builder":"","_et_pb_old_content":"","_et_gb_content_width":""},"product_brand":[],"product_cat":[38],"product_tag":[],"class_list":{"0":"post-2558","1":"product","2":"type-product","3":"status-publish","4":"has-post-thumbnail","6":"product_cat-hogar-y-limpieza","8":"first","9":"instock","10":"shipping-taxable","11":"purchasable","12":"product-type-simple"},"_links":{"self":[{"href":"https:\/\/rubi.com.py\/index.php\/wp-json\/wp\/v2\/product\/2558","targetHints":{"allow":["GET"]}}],"collection":[{"href":"https:\/\/rubi.com.py\/index.php\/wp-json\/wp\/v2\/product"}],"about":[{"href":"https:\/\/rubi.com.py\/index.php\/wp-json\/wp\/v2\/types\/product"}],"replies":[{"embeddable":true,"href":"https:\/\/rubi.com.py\/index.php\/wp-json\/wp\/v2\/comments?post=2558"}],"wp:featuredmedia":[{"embeddable":true,"href":"https:\/\/rubi.com.py\/index.php\/wp-json\/wp\/v2\/media\/2559"}],"wp:attachment":[{"href":"https:\/\/rubi.com.py\/index.php\/wp-json\/wp\/v2\/media?parent=2558"}],"wp:term":[{"taxonomy":"product_brand","embeddable":true,"href":"https:\/\/rubi.com.py\/index.php\/wp-json\/wp\/v2\/product_brand?post=2558"},{"taxonomy":"product_cat","embeddable":true,"href":"https:\/\/rubi.com.py\/index.php\/wp-json\/wp\/v2\/product_cat?post=2558"},{"taxonomy":"product_tag","embeddable":true,"href":"https:\/\/rubi.com.py\/index.php\/wp-json\/wp\/v2\/product_tag?post=2558"}],"curies":[{"name":"wp","href":"https:\/\/api.w.org\/{rel}","templated":true}]}}