{"id":2563,"date":"2026-04-15T13:15:54","date_gmt":"2026-04-15T11:15:54","guid":{"rendered":"https:\/\/rubi.com.py\/index.php\/producto\/silla-de-oficina-level-chicago-lvs-146\/"},"modified":"2026-04-15T13:15:54","modified_gmt":"2026-04-15T11:15:54","slug":"silla-de-oficina-level-chicago-lvs-146","status":"publish","type":"product","link":"https:\/\/rubi.com.py\/index.php\/producto\/silla-de-oficina-level-chicago-lvs-146\/","title":{"rendered":"SILLA DE OFICINA LEVEL CHICAGO LVS-146"},"content":{"rendered":"<p>SILLA DE OFICINA LEVEL CHICAGO LVS-146 Caracter\u00edsticas: \u00ab-Dise\u00f1o elegante y ergon\u00f3mico de respaldo alto -Tapizado en PU (eco cuero) alta densidad -Respaldo ergon\u00f3mico con soporte lumbar -Asiento y respaldo con acolchonamiento plus -Regula la tensi\u00f3n en la espalda -Regulaci\u00f3n de altura a gas -Soporta hasta 120 kg -Medidas: 110 x 62 x 55 cm\u00bb<\/p>\n","protected":false},"excerpt":{"rendered":"<p>SILLA DE OFICINA LEVEL CHICAGO LVS-146<\/p>\n","protected":false},"featured_media":2562,"comment_status":"open","ping_status":"closed","template":"","meta":{"_et_pb_use_builder":"","_et_pb_old_content":"","_et_gb_content_width":""},"product_brand":[],"product_cat":[42],"product_tag":[],"class_list":{"0":"post-2563","1":"product","2":"type-product","3":"status-publish","4":"has-post-thumbnail","6":"product_cat-muebles","8":"first","9":"instock","10":"shipping-taxable","11":"purchasable","12":"product-type-simple"},"_links":{"self":[{"href":"https:\/\/rubi.com.py\/index.php\/wp-json\/wp\/v2\/product\/2563","targetHints":{"allow":["GET"]}}],"collection":[{"href":"https:\/\/rubi.com.py\/index.php\/wp-json\/wp\/v2\/product"}],"about":[{"href":"https:\/\/rubi.com.py\/index.php\/wp-json\/wp\/v2\/types\/product"}],"replies":[{"embeddable":true,"href":"https:\/\/rubi.com.py\/index.php\/wp-json\/wp\/v2\/comments?post=2563"}],"wp:featuredmedia":[{"embeddable":true,"href":"https:\/\/rubi.com.py\/index.php\/wp-json\/wp\/v2\/media\/2562"}],"wp:attachment":[{"href":"https:\/\/rubi.com.py\/index.php\/wp-json\/wp\/v2\/media?parent=2563"}],"wp:term":[{"taxonomy":"product_brand","embeddable":true,"href":"https:\/\/rubi.com.py\/index.php\/wp-json\/wp\/v2\/product_brand?post=2563"},{"taxonomy":"product_cat","embeddable":true,"href":"https:\/\/rubi.com.py\/index.php\/wp-json\/wp\/v2\/product_cat?post=2563"},{"taxonomy":"product_tag","embeddable":true,"href":"https:\/\/rubi.com.py\/index.php\/wp-json\/wp\/v2\/product_tag?post=2563"}],"curies":[{"name":"wp","href":"https:\/\/api.w.org\/{rel}","templated":true}]}}