{"id":2599,"date":"2026-04-15T13:32:42","date_gmt":"2026-04-15T11:32:42","guid":{"rendered":"https:\/\/rubi.com.py\/index.php\/producto\/horno-de-empotrar-electrico-nappo-65l-nee-342\/"},"modified":"2026-04-15T13:32:42","modified_gmt":"2026-04-15T11:32:42","slug":"horno-de-empotrar-electrico-nappo-65l-nee-342","status":"publish","type":"product","link":"https:\/\/rubi.com.py\/index.php\/producto\/horno-de-empotrar-electrico-nappo-65l-nee-342\/","title":{"rendered":"HORNO DE EMPOTRAR EL\u00c9CTRICO NAPPO 65L NEE-342"},"content":{"rendered":"<p>HORNO DE EMPOTRAR EL\u00c9CTRICO NAPPO 65L NEE-342 Caracter\u00edsticas: -Horno el\u00e9ctrico empotrable. -Capacidad: 65 L. -8 Funciones. -Control Digital. -Temporizador ajustable hasta 10 horas. -Temperatura ajustable de 50 a 250 \u00b0C. -Potencia m\u00e1xima: 3000 W. -Puerta de Cristal de 2 capas. -Clase energ\u00e9tica: A. -Incluye: Bandeja para hornear y Rejilla para hornear.<\/p>\n","protected":false},"excerpt":{"rendered":"<p>HORNO DE EMPOTRAR EL\u00c9CTRICO NAPPO 65L NEE-342<\/p>\n","protected":false},"featured_media":2598,"comment_status":"open","ping_status":"closed","template":"","meta":{"_et_pb_use_builder":"","_et_pb_old_content":"","_et_gb_content_width":""},"product_brand":[],"product_cat":[33],"product_tag":[],"class_list":{"0":"post-2599","1":"product","2":"type-product","3":"status-publish","4":"has-post-thumbnail","6":"product_cat-cocina-y-comedor","8":"first","9":"instock","10":"shipping-taxable","11":"purchasable","12":"product-type-simple"},"_links":{"self":[{"href":"https:\/\/rubi.com.py\/index.php\/wp-json\/wp\/v2\/product\/2599","targetHints":{"allow":["GET"]}}],"collection":[{"href":"https:\/\/rubi.com.py\/index.php\/wp-json\/wp\/v2\/product"}],"about":[{"href":"https:\/\/rubi.com.py\/index.php\/wp-json\/wp\/v2\/types\/product"}],"replies":[{"embeddable":true,"href":"https:\/\/rubi.com.py\/index.php\/wp-json\/wp\/v2\/comments?post=2599"}],"wp:featuredmedia":[{"embeddable":true,"href":"https:\/\/rubi.com.py\/index.php\/wp-json\/wp\/v2\/media\/2598"}],"wp:attachment":[{"href":"https:\/\/rubi.com.py\/index.php\/wp-json\/wp\/v2\/media?parent=2599"}],"wp:term":[{"taxonomy":"product_brand","embeddable":true,"href":"https:\/\/rubi.com.py\/index.php\/wp-json\/wp\/v2\/product_brand?post=2599"},{"taxonomy":"product_cat","embeddable":true,"href":"https:\/\/rubi.com.py\/index.php\/wp-json\/wp\/v2\/product_cat?post=2599"},{"taxonomy":"product_tag","embeddable":true,"href":"https:\/\/rubi.com.py\/index.php\/wp-json\/wp\/v2\/product_tag?post=2599"}],"curies":[{"name":"wp","href":"https:\/\/api.w.org\/{rel}","templated":true}]}}