{"id":2612,"date":"2026-04-15T13:38:47","date_gmt":"2026-04-15T11:38:47","guid":{"rendered":"https:\/\/rubi.com.py\/index.php\/producto\/bomba-de-presion-nappo-nhb-336\/"},"modified":"2026-04-15T13:38:47","modified_gmt":"2026-04-15T11:38:47","slug":"bomba-de-presion-nappo-nhb-336","status":"publish","type":"product","link":"https:\/\/rubi.com.py\/index.php\/producto\/bomba-de-presion-nappo-nhb-336\/","title":{"rendered":"BOMBA DE PRESION NAPPO NHB-336"},"content":{"rendered":"<p>BOMBA DE PRESION NAPPO NHB-336 Caracter\u00edsticas: -Ideal para el hogar, jard\u00edn y aplicaciones generales. -Caudal m\u00e1ximo: 1,8 m\u00b3\/h. -Altura m\u00e1xima: 9m. -Presi\u00f3n m\u00e1xima: 0,6 MPa. -Compacta, eficiente y f\u00e1cil de instalar.<\/p>\n","protected":false},"excerpt":{"rendered":"<p>BOMBA DE PRESION NAPPO NHB-336<\/p>\n","protected":false},"featured_media":0,"comment_status":"open","ping_status":"closed","template":"","meta":{"_et_pb_use_builder":"","_et_pb_old_content":"","_et_gb_content_width":""},"product_brand":[],"product_cat":[38],"product_tag":[],"class_list":{"0":"post-2612","1":"product","2":"type-product","3":"status-publish","5":"product_cat-hogar-y-limpieza","7":"first","8":"instock","9":"shipping-taxable","10":"purchasable","11":"product-type-simple"},"_links":{"self":[{"href":"https:\/\/rubi.com.py\/index.php\/wp-json\/wp\/v2\/product\/2612","targetHints":{"allow":["GET"]}}],"collection":[{"href":"https:\/\/rubi.com.py\/index.php\/wp-json\/wp\/v2\/product"}],"about":[{"href":"https:\/\/rubi.com.py\/index.php\/wp-json\/wp\/v2\/types\/product"}],"replies":[{"embeddable":true,"href":"https:\/\/rubi.com.py\/index.php\/wp-json\/wp\/v2\/comments?post=2612"}],"wp:attachment":[{"href":"https:\/\/rubi.com.py\/index.php\/wp-json\/wp\/v2\/media?parent=2612"}],"wp:term":[{"taxonomy":"product_brand","embeddable":true,"href":"https:\/\/rubi.com.py\/index.php\/wp-json\/wp\/v2\/product_brand?post=2612"},{"taxonomy":"product_cat","embeddable":true,"href":"https:\/\/rubi.com.py\/index.php\/wp-json\/wp\/v2\/product_cat?post=2612"},{"taxonomy":"product_tag","embeddable":true,"href":"https:\/\/rubi.com.py\/index.php\/wp-json\/wp\/v2\/product_tag?post=2612"}],"curies":[{"name":"wp","href":"https:\/\/api.w.org\/{rel}","templated":true}]}}