{"id":2632,"date":"2026-04-15T13:45:41","date_gmt":"2026-04-15T11:45:41","guid":{"rendered":"https:\/\/rubi.com.py\/index.php\/producto\/microondas-nappo-28l-nex-320-negro\/"},"modified":"2026-04-15T13:45:41","modified_gmt":"2026-04-15T11:45:41","slug":"microondas-nappo-28l-nex-320-negro","status":"publish","type":"product","link":"https:\/\/rubi.com.py\/index.php\/producto\/microondas-nappo-28l-nex-320-negro\/","title":{"rendered":"MICROONDAS NAPPO 28L NEX-320 NEGRO"},"content":{"rendered":"<p>MICROONDAS NAPPO 28L NEX-320 NEGRO Caracter\u00edsticas: -Potencia: 1400W. -Capacidad: 28 Litros. -Display Led. -Panel de control t\u00e1ctil digital. -6 funciones preestablecidas. -Funci\u00f3n de bloqueo para ni\u00f1os. -Cocci\u00f3n multi-etapa. -11 niveles de potencia.<\/p>\n","protected":false},"excerpt":{"rendered":"<p>MICROONDAS NAPPO 28L NEX-320 NEGRO<\/p>\n","protected":false},"featured_media":0,"comment_status":"open","ping_status":"closed","template":"","meta":{"_et_pb_use_builder":"","_et_pb_old_content":"","_et_gb_content_width":""},"product_brand":[],"product_cat":[33],"product_tag":[],"class_list":{"0":"post-2632","1":"product","2":"type-product","3":"status-publish","5":"product_cat-cocina-y-comedor","7":"first","8":"instock","9":"shipping-taxable","10":"purchasable","11":"product-type-simple"},"_links":{"self":[{"href":"https:\/\/rubi.com.py\/index.php\/wp-json\/wp\/v2\/product\/2632","targetHints":{"allow":["GET"]}}],"collection":[{"href":"https:\/\/rubi.com.py\/index.php\/wp-json\/wp\/v2\/product"}],"about":[{"href":"https:\/\/rubi.com.py\/index.php\/wp-json\/wp\/v2\/types\/product"}],"replies":[{"embeddable":true,"href":"https:\/\/rubi.com.py\/index.php\/wp-json\/wp\/v2\/comments?post=2632"}],"wp:attachment":[{"href":"https:\/\/rubi.com.py\/index.php\/wp-json\/wp\/v2\/media?parent=2632"}],"wp:term":[{"taxonomy":"product_brand","embeddable":true,"href":"https:\/\/rubi.com.py\/index.php\/wp-json\/wp\/v2\/product_brand?post=2632"},{"taxonomy":"product_cat","embeddable":true,"href":"https:\/\/rubi.com.py\/index.php\/wp-json\/wp\/v2\/product_cat?post=2632"},{"taxonomy":"product_tag","embeddable":true,"href":"https:\/\/rubi.com.py\/index.php\/wp-json\/wp\/v2\/product_tag?post=2632"}],"curies":[{"name":"wp","href":"https:\/\/api.w.org\/{rel}","templated":true}]}}