{"id":2658,"date":"2026-04-15T13:56:32","date_gmt":"2026-04-15T11:56:32","guid":{"rendered":"https:\/\/rubi.com.py\/index.php\/producto\/mesa-de-trabajo-tokyo-ind-c-bacha-bv7-180-1l\/"},"modified":"2026-04-15T13:56:32","modified_gmt":"2026-04-15T11:56:32","slug":"mesa-de-trabajo-tokyo-ind-c-bacha-bv7-180-1l","status":"publish","type":"product","link":"https:\/\/rubi.com.py\/index.php\/producto\/mesa-de-trabajo-tokyo-ind-c-bacha-bv7-180-1l\/","title":{"rendered":"MESA DE TRABAJO TOKYO IND. C\/BACHA BV7-180-1L"},"content":{"rendered":"<p>* Mesa en acero inoxidable. * Con bacha a la izquierda. * Patas de acero inoxidable. * Estante inferior para menajes. * Medidas de la bacha 500x500x300 mm. MEDIDAS EXTERNAS. *Altura 900+100 mm. * Profundidad 700 mm. * Largo 1800 mm. Im\u00e1genes meramente ilustrativas. Im\u00e1genes e informaci\u00f3n sujetas a cambios sin previo aviso. Detalles t\u00e9cnicos: \u2022 ANCHO: 76 CM \u2022 ALTO: 45 CM \u2022 LARGO: 187 CM \u2022 PESO: 2459 GR<\/p>\n","protected":false},"excerpt":{"rendered":"<p>* Mesa en acero inoxidable. * Con bacha a la izquierda. * Patas de acero inoxidable. * Estante inferior para menajes. * Medidas de la bacha 500x500x300 mm. MEDIDAS EXTERNAS. *Altura 900+100 mm. * Profundidad 700 mm. * Largo 1800 mm. Im\u00e1genes meramente ilustrativas. Im\u00e1genes e informaci\u00f3n sujetas a cambios sin previo aviso.<\/p>\n","protected":false},"featured_media":2657,"comment_status":"open","ping_status":"closed","template":"","meta":{"_et_pb_use_builder":"","_et_pb_old_content":"","_et_gb_content_width":""},"product_brand":[],"product_cat":[33,39],"product_tag":[],"class_list":{"0":"post-2658","1":"product","2":"type-product","3":"status-publish","4":"has-post-thumbnail","6":"product_cat-cocina-y-comedor","7":"product_cat-industria-comercio-y-campo","9":"first","10":"instock","11":"shipping-taxable","12":"purchasable","13":"product-type-simple"},"_links":{"self":[{"href":"https:\/\/rubi.com.py\/index.php\/wp-json\/wp\/v2\/product\/2658","targetHints":{"allow":["GET"]}}],"collection":[{"href":"https:\/\/rubi.com.py\/index.php\/wp-json\/wp\/v2\/product"}],"about":[{"href":"https:\/\/rubi.com.py\/index.php\/wp-json\/wp\/v2\/types\/product"}],"replies":[{"embeddable":true,"href":"https:\/\/rubi.com.py\/index.php\/wp-json\/wp\/v2\/comments?post=2658"}],"wp:featuredmedia":[{"embeddable":true,"href":"https:\/\/rubi.com.py\/index.php\/wp-json\/wp\/v2\/media\/2657"}],"wp:attachment":[{"href":"https:\/\/rubi.com.py\/index.php\/wp-json\/wp\/v2\/media?parent=2658"}],"wp:term":[{"taxonomy":"product_brand","embeddable":true,"href":"https:\/\/rubi.com.py\/index.php\/wp-json\/wp\/v2\/product_brand?post=2658"},{"taxonomy":"product_cat","embeddable":true,"href":"https:\/\/rubi.com.py\/index.php\/wp-json\/wp\/v2\/product_cat?post=2658"},{"taxonomy":"product_tag","embeddable":true,"href":"https:\/\/rubi.com.py\/index.php\/wp-json\/wp\/v2\/product_tag?post=2658"}],"curies":[{"name":"wp","href":"https:\/\/api.w.org\/{rel}","templated":true}]}}