{"id":2691,"date":"2026-04-15T19:35:49","date_gmt":"2026-04-15T17:35:49","guid":{"rendered":"https:\/\/rubi.com.py\/index.php\/producto\/sierra-circular-de-mesa-de-10-nhs-257-nappo\/"},"modified":"2026-04-15T19:35:49","modified_gmt":"2026-04-15T17:35:49","slug":"sierra-circular-de-mesa-de-10-nhs-257-nappo","status":"publish","type":"product","link":"https:\/\/rubi.com.py\/index.php\/producto\/sierra-circular-de-mesa-de-10-nhs-257-nappo\/","title":{"rendered":"SIERRA CIRCULAR DE MESA DE 10\u201d NHS-257 NAPPO"},"content":{"rendered":"<p>SIERRA CIRCULAR DE MESA DE 10\u201d NHS-257 NAPPO Caracter\u00edsticas: \u00b7 Potencia: 2000W. \u00b7 Velocidad: 5000 RPM \u00b7 Profundidad de corte: 0\u00b0- 85 mm \/ 45\u00b0- 65 mm. \u00b7 Mesa extensible. \u00b7 Protector de hoja de sierra. \u00b7 Cable de 1,8 m. \u00b7 Accesorios incluidos: tapones de o\u00eddos de protecci\u00f3n,lentes de protecci\u00f3n, 1 par de guantes de protecci\u00f3n.<\/p>\n","protected":false},"excerpt":{"rendered":"<p>SIERRA CIRCULAR DE MESA DE 10\u201d NHS-257 NAPPO<\/p>\n","protected":false},"featured_media":0,"comment_status":"open","ping_status":"closed","template":"","meta":{"_et_pb_use_builder":"","_et_pb_old_content":"","_et_gb_content_width":""},"product_brand":[],"product_cat":[36,38],"product_tag":[],"class_list":{"0":"post-2691","1":"product","2":"type-product","3":"status-publish","5":"product_cat-ferreteria","6":"product_cat-hogar-y-limpieza","8":"first","9":"instock","10":"shipping-taxable","11":"purchasable","12":"product-type-simple"},"_links":{"self":[{"href":"https:\/\/rubi.com.py\/index.php\/wp-json\/wp\/v2\/product\/2691","targetHints":{"allow":["GET"]}}],"collection":[{"href":"https:\/\/rubi.com.py\/index.php\/wp-json\/wp\/v2\/product"}],"about":[{"href":"https:\/\/rubi.com.py\/index.php\/wp-json\/wp\/v2\/types\/product"}],"replies":[{"embeddable":true,"href":"https:\/\/rubi.com.py\/index.php\/wp-json\/wp\/v2\/comments?post=2691"}],"wp:attachment":[{"href":"https:\/\/rubi.com.py\/index.php\/wp-json\/wp\/v2\/media?parent=2691"}],"wp:term":[{"taxonomy":"product_brand","embeddable":true,"href":"https:\/\/rubi.com.py\/index.php\/wp-json\/wp\/v2\/product_brand?post=2691"},{"taxonomy":"product_cat","embeddable":true,"href":"https:\/\/rubi.com.py\/index.php\/wp-json\/wp\/v2\/product_cat?post=2691"},{"taxonomy":"product_tag","embeddable":true,"href":"https:\/\/rubi.com.py\/index.php\/wp-json\/wp\/v2\/product_tag?post=2691"}],"curies":[{"name":"wp","href":"https:\/\/api.w.org\/{rel}","templated":true}]}}