{"id":2695,"date":"2026-04-15T19:36:41","date_gmt":"2026-04-15T17:36:41","guid":{"rendered":"https:\/\/rubi.com.py\/index.php\/producto\/camara-exterior-solar-wifi-kolke-kuc-721\/"},"modified":"2026-04-15T19:36:41","modified_gmt":"2026-04-15T17:36:41","slug":"camara-exterior-solar-wifi-kolke-kuc-721","status":"publish","type":"product","link":"https:\/\/rubi.com.py\/index.php\/producto\/camara-exterior-solar-wifi-kolke-kuc-721\/","title":{"rendered":"CAMARA EXTERIOR SOLAR WIFI KOLKE KUC-721"},"content":{"rendered":"<p>CAMARA EXTERIOR SOLAR WIFI KOLKE KUC-721 Caracter\u00edsticas: -C\u00e1mara PTZ inal\u00e1mbrica para interiores y exteriores. -Visi\u00f3n Diurna y Nocturna a color. -Resoluci\u00f3n 4.0MP. -Alcance 15 m. -Rotaci\u00f3n: H: 355\u00b0 \/ V: 90\u00b0. -Bater\u00eda incluida: 6000 mAh &#8211; 5W carga solar. -Audio Bi-Direccional: Micr\u00f3fono y parlante integrados para hablar y escuchar. -Conexi\u00f3n WIFI 2.4G. -Detecci\u00f3n de forma humana con IA. -Admite almacenamiento en la nube y en tarjeta SD. -Waterproof IP66. -Compatible con Android, iOS (App: iCSee). -Incluye: Cable de carga, soporte y tornillos.<\/p>\n","protected":false},"excerpt":{"rendered":"<p>CAMARA EXTERIOR SOLAR WIFI KOLKE KUC-721<\/p>\n","protected":false},"featured_media":2694,"comment_status":"open","ping_status":"closed","template":"","meta":{"_et_pb_use_builder":"","_et_pb_old_content":"","_et_gb_content_width":""},"product_brand":[],"product_cat":[46],"product_tag":[],"class_list":{"0":"post-2695","1":"product","2":"type-product","3":"status-publish","4":"has-post-thumbnail","6":"product_cat-tecnologia","8":"first","9":"instock","10":"shipping-taxable","11":"purchasable","12":"product-type-simple"},"_links":{"self":[{"href":"https:\/\/rubi.com.py\/index.php\/wp-json\/wp\/v2\/product\/2695","targetHints":{"allow":["GET"]}}],"collection":[{"href":"https:\/\/rubi.com.py\/index.php\/wp-json\/wp\/v2\/product"}],"about":[{"href":"https:\/\/rubi.com.py\/index.php\/wp-json\/wp\/v2\/types\/product"}],"replies":[{"embeddable":true,"href":"https:\/\/rubi.com.py\/index.php\/wp-json\/wp\/v2\/comments?post=2695"}],"wp:featuredmedia":[{"embeddable":true,"href":"https:\/\/rubi.com.py\/index.php\/wp-json\/wp\/v2\/media\/2694"}],"wp:attachment":[{"href":"https:\/\/rubi.com.py\/index.php\/wp-json\/wp\/v2\/media?parent=2695"}],"wp:term":[{"taxonomy":"product_brand","embeddable":true,"href":"https:\/\/rubi.com.py\/index.php\/wp-json\/wp\/v2\/product_brand?post=2695"},{"taxonomy":"product_cat","embeddable":true,"href":"https:\/\/rubi.com.py\/index.php\/wp-json\/wp\/v2\/product_cat?post=2695"},{"taxonomy":"product_tag","embeddable":true,"href":"https:\/\/rubi.com.py\/index.php\/wp-json\/wp\/v2\/product_tag?post=2695"}],"curies":[{"name":"wp","href":"https:\/\/api.w.org\/{rel}","templated":true}]}}