{"id":2708,"date":"2026-04-15T21:57:17","date_gmt":"2026-04-15T19:57:17","guid":{"rendered":"https:\/\/rubi.com.py\/index.php\/producto\/mouse-optico-inalambrico-dual-kem-699-negro\/"},"modified":"2026-04-15T21:57:17","modified_gmt":"2026-04-15T19:57:17","slug":"mouse-optico-inalambrico-dual-kem-699-negro","status":"publish","type":"product","link":"https:\/\/rubi.com.py\/index.php\/producto\/mouse-optico-inalambrico-dual-kem-699-negro\/","title":{"rendered":"MOUSE OPTICO INALAMBRICO DUAL KEM-699 NEGRO"},"content":{"rendered":"<p>MOUSE OPTICO INALAMBRICO DUAL KEM-699 NEGRO Caracter\u00edsticas: \u00b7 Mouse \u00f3ptico inal\u00e1mbrico dual 2,4G + conexi\u00f3n inal\u00e1mbrica V5.2. \u00b7 4 Botones. \u00b7 Retroiluminaci\u00f3n intercambiable de 7 colores. \u00b7 Bater\u00eda recargable incorporada de 3,7V \/ 400 mAh. \u00b7 Receptor USB. \u00b7 Conexi\u00f3n \u201cPlug &amp; Play\u201d (no requiere instalaci\u00f3n de driver). \u00b7 Rueda Scroll para navegaci\u00f3n sin scrollbars. \u00b7 Agarre confortable. \u00b7 Puerto de carga tipo C. \u00b7 Incluye: Cable de carga de 30 cm. \u00b7 Disponible en color: Negro o Plateado. \u00b7 Dimensiones: 11,2 x 5,8 x 2,3 cm. \u00b7 Peso: 63g.<\/p>\n","protected":false},"excerpt":{"rendered":"<p>MOUSE OPTICO INALAMBRICO DUAL KEM-699 NEGRO<\/p>\n","protected":false},"featured_media":2707,"comment_status":"open","ping_status":"closed","template":"","meta":{"_et_pb_use_builder":"","_et_pb_old_content":"","_et_gb_content_width":""},"product_brand":[],"product_cat":[46],"product_tag":[],"class_list":{"0":"post-2708","1":"product","2":"type-product","3":"status-publish","4":"has-post-thumbnail","6":"product_cat-tecnologia","8":"first","9":"instock","10":"shipping-taxable","11":"purchasable","12":"product-type-simple"},"_links":{"self":[{"href":"https:\/\/rubi.com.py\/index.php\/wp-json\/wp\/v2\/product\/2708","targetHints":{"allow":["GET"]}}],"collection":[{"href":"https:\/\/rubi.com.py\/index.php\/wp-json\/wp\/v2\/product"}],"about":[{"href":"https:\/\/rubi.com.py\/index.php\/wp-json\/wp\/v2\/types\/product"}],"replies":[{"embeddable":true,"href":"https:\/\/rubi.com.py\/index.php\/wp-json\/wp\/v2\/comments?post=2708"}],"wp:featuredmedia":[{"embeddable":true,"href":"https:\/\/rubi.com.py\/index.php\/wp-json\/wp\/v2\/media\/2707"}],"wp:attachment":[{"href":"https:\/\/rubi.com.py\/index.php\/wp-json\/wp\/v2\/media?parent=2708"}],"wp:term":[{"taxonomy":"product_brand","embeddable":true,"href":"https:\/\/rubi.com.py\/index.php\/wp-json\/wp\/v2\/product_brand?post=2708"},{"taxonomy":"product_cat","embeddable":true,"href":"https:\/\/rubi.com.py\/index.php\/wp-json\/wp\/v2\/product_cat?post=2708"},{"taxonomy":"product_tag","embeddable":true,"href":"https:\/\/rubi.com.py\/index.php\/wp-json\/wp\/v2\/product_tag?post=2708"}],"curies":[{"name":"wp","href":"https:\/\/api.w.org\/{rel}","templated":true}]}}