{"id":2709,"date":"2026-04-15T21:57:49","date_gmt":"2026-04-15T19:57:49","guid":{"rendered":"https:\/\/rubi.com.py\/index.php\/producto\/camara-exterior-kolke-3mp-dual-band-kuc-703\/"},"modified":"2026-04-15T21:57:49","modified_gmt":"2026-04-15T19:57:49","slug":"camara-exterior-kolke-3mp-dual-band-kuc-703","status":"publish","type":"product","link":"https:\/\/rubi.com.py\/index.php\/producto\/camara-exterior-kolke-3mp-dual-band-kuc-703\/","title":{"rendered":"CAMARA EXTERIOR KOLKE 3MP DUAL BAND KUC-703"},"content":{"rendered":"<p>CAMARA EXTERIOR KOLKE 3MP DUAL BAND KUC-703 Caracter\u00edsticas: -Mini c\u00e1mara PTZ de 1,5 pulgadas. -Visi\u00f3n diurna y nocturna a todo color. -Resoluci\u00f3n de 3,0 MP FHD 2304&#215;1296. -Visi\u00f3n PTZ, rotaci\u00f3n horizontal 355\u00b0, rotaci\u00f3n vertical 90\u00b0. -Doble iluminaci\u00f3n: 8 LED IR integrados + 8 LED de luz blanca. -Lente 3,6mm. -Tecnolog\u00eda HDR (alto rango din\u00e1mico). -Detecci\u00f3n de movimiento, detecci\u00f3n de figura humanoide IA. -Compresi\u00f3n de video H.264 \/ H.265, compatible con transmisi\u00f3n dual. -Micr\u00f3fono y parlante integrados de alta sensibilidad, compatible con intercomunicador de voz bidireccional. -Almacenamiento en la nube y almacenamiento en tarjeta TF local (m\u00e1ximo hasta 512 GB). -Apta para interior y exterior.<\/p>\n","protected":false},"excerpt":{"rendered":"<p>CAMARA EXTERIOR KOLKE 3MP DUAL BAND KUC-703<\/p>\n","protected":false},"featured_media":0,"comment_status":"open","ping_status":"closed","template":"","meta":{"_et_pb_use_builder":"","_et_pb_old_content":"","_et_gb_content_width":""},"product_brand":[],"product_cat":[46],"product_tag":[],"class_list":{"0":"post-2709","1":"product","2":"type-product","3":"status-publish","5":"product_cat-tecnologia","7":"first","8":"instock","9":"shipping-taxable","10":"purchasable","11":"product-type-simple"},"_links":{"self":[{"href":"https:\/\/rubi.com.py\/index.php\/wp-json\/wp\/v2\/product\/2709","targetHints":{"allow":["GET"]}}],"collection":[{"href":"https:\/\/rubi.com.py\/index.php\/wp-json\/wp\/v2\/product"}],"about":[{"href":"https:\/\/rubi.com.py\/index.php\/wp-json\/wp\/v2\/types\/product"}],"replies":[{"embeddable":true,"href":"https:\/\/rubi.com.py\/index.php\/wp-json\/wp\/v2\/comments?post=2709"}],"wp:attachment":[{"href":"https:\/\/rubi.com.py\/index.php\/wp-json\/wp\/v2\/media?parent=2709"}],"wp:term":[{"taxonomy":"product_brand","embeddable":true,"href":"https:\/\/rubi.com.py\/index.php\/wp-json\/wp\/v2\/product_brand?post=2709"},{"taxonomy":"product_cat","embeddable":true,"href":"https:\/\/rubi.com.py\/index.php\/wp-json\/wp\/v2\/product_cat?post=2709"},{"taxonomy":"product_tag","embeddable":true,"href":"https:\/\/rubi.com.py\/index.php\/wp-json\/wp\/v2\/product_tag?post=2709"}],"curies":[{"name":"wp","href":"https:\/\/api.w.org\/{rel}","templated":true}]}}