{"id":2731,"date":"2026-04-15T22:06:39","date_gmt":"2026-04-15T20:06:39","guid":{"rendered":"https:\/\/rubi.com.py\/index.php\/producto\/smartwatch-kolke-kvr-671-negro\/"},"modified":"2026-04-21T15:09:59","modified_gmt":"2026-04-21T13:09:59","slug":"smartwatch-kolke-kvr-671-negro","status":"publish","type":"product","link":"https:\/\/rubi.com.py\/index.php\/producto\/smartwatch-kolke-kvr-671-negro\/","title":{"rendered":"SMARTWATCH KOLKE KVR-671 NEGRO"},"content":{"rendered":"<p>SMARTWATCH KOLKE KVR-671 NEGRO Caracter\u00edsticas:<\/p>\n<p>-Pantalla t\u00e1ctil TFT de 1,83\u201d(240&#215;284)<\/p>\n<p>-Bluetooth 5.3 con llamadas desde el reloj<\/p>\n<p>-Monitoreo de salud:frecuencia card\u00edaca,ox\u00edgeno en sangre y sue\u00f1o<\/p>\n<p>-Registro de actividad:pasos,distancia y calor\u00edas<\/p>\n<p>-Notificaciones de aplicaciones<\/p>\n<p>-Bater\u00eda recargable con hasta 5 d\u00edas de uso<\/p>\n<p>-Resistente al agua y polvo(1 ATM)<\/p>\n<p>-Compatible con Android 5.1 o superior\/iOS 8.0 o superior<\/p>\n<p>-Incluye correa adicional<\/p>\n","protected":false},"excerpt":{"rendered":"<p>SMARTWATCH KOLKE KVR-671 NEGRO<\/p>\n","protected":false},"featured_media":4730,"comment_status":"open","ping_status":"closed","template":"","meta":{"_et_pb_use_builder":"","_et_pb_old_content":"","_et_gb_content_width":""},"product_brand":[],"product_cat":[46],"product_tag":[],"class_list":{"0":"post-2731","1":"product","2":"type-product","3":"status-publish","4":"has-post-thumbnail","6":"product_cat-tecnologia","8":"first","9":"instock","10":"shipping-taxable","11":"purchasable","12":"product-type-simple"},"_links":{"self":[{"href":"https:\/\/rubi.com.py\/index.php\/wp-json\/wp\/v2\/product\/2731","targetHints":{"allow":["GET"]}}],"collection":[{"href":"https:\/\/rubi.com.py\/index.php\/wp-json\/wp\/v2\/product"}],"about":[{"href":"https:\/\/rubi.com.py\/index.php\/wp-json\/wp\/v2\/types\/product"}],"replies":[{"embeddable":true,"href":"https:\/\/rubi.com.py\/index.php\/wp-json\/wp\/v2\/comments?post=2731"}],"wp:featuredmedia":[{"embeddable":true,"href":"https:\/\/rubi.com.py\/index.php\/wp-json\/wp\/v2\/media\/4730"}],"wp:attachment":[{"href":"https:\/\/rubi.com.py\/index.php\/wp-json\/wp\/v2\/media?parent=2731"}],"wp:term":[{"taxonomy":"product_brand","embeddable":true,"href":"https:\/\/rubi.com.py\/index.php\/wp-json\/wp\/v2\/product_brand?post=2731"},{"taxonomy":"product_cat","embeddable":true,"href":"https:\/\/rubi.com.py\/index.php\/wp-json\/wp\/v2\/product_cat?post=2731"},{"taxonomy":"product_tag","embeddable":true,"href":"https:\/\/rubi.com.py\/index.php\/wp-json\/wp\/v2\/product_tag?post=2731"}],"curies":[{"name":"wp","href":"https:\/\/api.w.org\/{rel}","templated":true}]}}