{"id":2735,"date":"2026-04-15T22:07:30","date_gmt":"2026-04-15T20:07:30","guid":{"rendered":"https:\/\/rubi.com.py\/index.php\/producto\/parlante-inalambrico-kolke-360-de-65-x2-kpb-679\/"},"modified":"2026-04-15T22:07:30","modified_gmt":"2026-04-15T20:07:30","slug":"parlante-inalambrico-kolke-360-de-65-x2-kpb-679","status":"publish","type":"product","link":"https:\/\/rubi.com.py\/index.php\/producto\/parlante-inalambrico-kolke-360-de-65-x2-kpb-679\/","title":{"rendered":"PARLANTE INAL\u00c1MBRICO KOLKE 360 DE 6,5&#8243; X2 KPB-679"},"content":{"rendered":"<p>PARLANTE INAL\u00c1MBRICO KOLKE 360 DE 6,5&#8243; X2 KPB-679 Caracter\u00edsticas: \u00b7 Woofer cu\u00e1druple 6.5\u201d (6.5\u201d x 2 de cada lado). \u00b7 Tweeter 1.5\u201d. \u00b7 Potencia: 750W \/ 22.000W PMPO. \u00b7 Conexi\u00f3n inal\u00e1mbrica. \u00b7 Bater\u00eda recargable: 5.400mAh, 11.1V. \u00b7 Luces RGB que sincronizan con la m\u00fasica o se pueden seleccionar diferentes modos de iluminaci\u00f3n. \u00b7 Sonido X-Bass. \u00b7 Funci\u00f3n TWS (True Wireless Stereo). \u00b7 Funci\u00f3n Karaoke. \u00b7 Funci\u00f3n grabaci\u00f3n. \u00b7 Conexi\u00f3n: USB, SD, Aux 3.5mm, Mic 6.35mm x 2. \u00b7 Radio FM. \u00b7 Incluye: Control remoto y Cable de carga.<\/p>\n","protected":false},"excerpt":{"rendered":"<p>PARLANTE INAL\u00c1MBRICO KOLKE 360 DE 6,5&#8243; X2 KPB-679<\/p>\n","protected":false},"featured_media":2734,"comment_status":"open","ping_status":"closed","template":"","meta":{"_et_pb_use_builder":"","_et_pb_old_content":"","_et_gb_content_width":""},"product_brand":[],"product_cat":[46],"product_tag":[],"class_list":{"0":"post-2735","1":"product","2":"type-product","3":"status-publish","4":"has-post-thumbnail","6":"product_cat-tecnologia","8":"first","9":"instock","10":"shipping-taxable","11":"purchasable","12":"product-type-simple"},"_links":{"self":[{"href":"https:\/\/rubi.com.py\/index.php\/wp-json\/wp\/v2\/product\/2735","targetHints":{"allow":["GET"]}}],"collection":[{"href":"https:\/\/rubi.com.py\/index.php\/wp-json\/wp\/v2\/product"}],"about":[{"href":"https:\/\/rubi.com.py\/index.php\/wp-json\/wp\/v2\/types\/product"}],"replies":[{"embeddable":true,"href":"https:\/\/rubi.com.py\/index.php\/wp-json\/wp\/v2\/comments?post=2735"}],"wp:featuredmedia":[{"embeddable":true,"href":"https:\/\/rubi.com.py\/index.php\/wp-json\/wp\/v2\/media\/2734"}],"wp:attachment":[{"href":"https:\/\/rubi.com.py\/index.php\/wp-json\/wp\/v2\/media?parent=2735"}],"wp:term":[{"taxonomy":"product_brand","embeddable":true,"href":"https:\/\/rubi.com.py\/index.php\/wp-json\/wp\/v2\/product_brand?post=2735"},{"taxonomy":"product_cat","embeddable":true,"href":"https:\/\/rubi.com.py\/index.php\/wp-json\/wp\/v2\/product_cat?post=2735"},{"taxonomy":"product_tag","embeddable":true,"href":"https:\/\/rubi.com.py\/index.php\/wp-json\/wp\/v2\/product_tag?post=2735"}],"curies":[{"name":"wp","href":"https:\/\/api.w.org\/{rel}","templated":true}]}}