{"id":2756,"date":"2026-04-15T22:20:49","date_gmt":"2026-04-15T20:20:49","guid":{"rendered":"https:\/\/rubi.com.py\/index.php\/producto\/bolso-con-iman-para-gimnasio\/"},"modified":"2026-04-15T22:20:49","modified_gmt":"2026-04-15T20:20:49","slug":"bolso-con-iman-para-gimnasio","status":"publish","type":"product","link":"https:\/\/rubi.com.py\/index.php\/producto\/bolso-con-iman-para-gimnasio\/","title":{"rendered":"BOLSO CON IMAN PARA GIMNASIO"},"content":{"rendered":"<p>BOLSO CON IMAN PARA GIMNASIO Caracter\u00edsticas: &#8211; Magn\u00e9tico &#8211; Resistente al sudor y la humedad &#8211; Bolsillo el\u00e1stico &#8211; F\u00e1cil de usar &#8211; Liviano y resistente<\/p>\n","protected":false},"excerpt":{"rendered":"<p>BOLSO CON IMAN PARA GIMNASIO<\/p>\n","protected":false},"featured_media":0,"comment_status":"open","ping_status":"closed","template":"","meta":{"_et_pb_use_builder":"","_et_pb_old_content":"","_et_gb_content_width":""},"product_brand":[],"product_cat":[35],"product_tag":[],"class_list":{"0":"post-2756","1":"product","2":"type-product","3":"status-publish","5":"product_cat-equipos-de-gimnasia","7":"first","8":"instock","9":"shipping-taxable","10":"purchasable","11":"product-type-simple"},"_links":{"self":[{"href":"https:\/\/rubi.com.py\/index.php\/wp-json\/wp\/v2\/product\/2756","targetHints":{"allow":["GET"]}}],"collection":[{"href":"https:\/\/rubi.com.py\/index.php\/wp-json\/wp\/v2\/product"}],"about":[{"href":"https:\/\/rubi.com.py\/index.php\/wp-json\/wp\/v2\/types\/product"}],"replies":[{"embeddable":true,"href":"https:\/\/rubi.com.py\/index.php\/wp-json\/wp\/v2\/comments?post=2756"}],"wp:attachment":[{"href":"https:\/\/rubi.com.py\/index.php\/wp-json\/wp\/v2\/media?parent=2756"}],"wp:term":[{"taxonomy":"product_brand","embeddable":true,"href":"https:\/\/rubi.com.py\/index.php\/wp-json\/wp\/v2\/product_brand?post=2756"},{"taxonomy":"product_cat","embeddable":true,"href":"https:\/\/rubi.com.py\/index.php\/wp-json\/wp\/v2\/product_cat?post=2756"},{"taxonomy":"product_tag","embeddable":true,"href":"https:\/\/rubi.com.py\/index.php\/wp-json\/wp\/v2\/product_tag?post=2756"}],"curies":[{"name":"wp","href":"https:\/\/api.w.org\/{rel}","templated":true}]}}