{"id":2759,"date":"2026-04-15T22:23:18","date_gmt":"2026-04-15T20:23:18","guid":{"rendered":"https:\/\/rubi.com.py\/index.php\/producto\/sierra-caladora-nappo-nhs-004\/"},"modified":"2026-04-15T22:23:18","modified_gmt":"2026-04-15T20:23:18","slug":"sierra-caladora-nappo-nhs-004","status":"publish","type":"product","link":"https:\/\/rubi.com.py\/index.php\/producto\/sierra-caladora-nappo-nhs-004\/","title":{"rendered":"SIERRA CALADORA NAPPO NHS-004"},"content":{"rendered":"<p>SIERRA CALADORA NAPPO NHS-004 Caracter\u00edsticas: Potencia: 500W. Velocidad: 3.500 RPM. Capacidad m\u00e1xima de corte en Madera: 55mm. Capacidad m\u00e1xima de corte en Metal: 16mm. \u00c1ngulo de corte: 0-45\u00ba. Voltaje: 230\/240V ~ 50 Hz.<\/p>\n","protected":false},"excerpt":{"rendered":"<p>SIERRA CALADORA NAPPO NHS-004<\/p>\n","protected":false},"featured_media":2758,"comment_status":"open","ping_status":"closed","template":"","meta":{"_et_pb_use_builder":"","_et_pb_old_content":"","_et_gb_content_width":""},"product_brand":[],"product_cat":[38],"product_tag":[],"class_list":{"0":"post-2759","1":"product","2":"type-product","3":"status-publish","4":"has-post-thumbnail","6":"product_cat-hogar-y-limpieza","8":"first","9":"instock","10":"shipping-taxable","11":"purchasable","12":"product-type-simple"},"_links":{"self":[{"href":"https:\/\/rubi.com.py\/index.php\/wp-json\/wp\/v2\/product\/2759","targetHints":{"allow":["GET"]}}],"collection":[{"href":"https:\/\/rubi.com.py\/index.php\/wp-json\/wp\/v2\/product"}],"about":[{"href":"https:\/\/rubi.com.py\/index.php\/wp-json\/wp\/v2\/types\/product"}],"replies":[{"embeddable":true,"href":"https:\/\/rubi.com.py\/index.php\/wp-json\/wp\/v2\/comments?post=2759"}],"wp:featuredmedia":[{"embeddable":true,"href":"https:\/\/rubi.com.py\/index.php\/wp-json\/wp\/v2\/media\/2758"}],"wp:attachment":[{"href":"https:\/\/rubi.com.py\/index.php\/wp-json\/wp\/v2\/media?parent=2759"}],"wp:term":[{"taxonomy":"product_brand","embeddable":true,"href":"https:\/\/rubi.com.py\/index.php\/wp-json\/wp\/v2\/product_brand?post=2759"},{"taxonomy":"product_cat","embeddable":true,"href":"https:\/\/rubi.com.py\/index.php\/wp-json\/wp\/v2\/product_cat?post=2759"},{"taxonomy":"product_tag","embeddable":true,"href":"https:\/\/rubi.com.py\/index.php\/wp-json\/wp\/v2\/product_tag?post=2759"}],"curies":[{"name":"wp","href":"https:\/\/api.w.org\/{rel}","templated":true}]}}