{"id":2808,"date":"2026-04-17T13:21:10","date_gmt":"2026-04-17T11:21:10","guid":{"rendered":"https:\/\/rubi.com.py\/index.php\/producto\/camara-infantil-portatil-c-impresora-rosa\/"},"modified":"2026-04-17T13:21:10","modified_gmt":"2026-04-17T11:21:10","slug":"camara-infantil-portatil-c-impresora-rosa","status":"publish","type":"product","link":"https:\/\/rubi.com.py\/index.php\/producto\/camara-infantil-portatil-c-impresora-rosa\/","title":{"rendered":"C\u00c1MARA INFANTIL PORT\u00c1TIL C\/ IMPRESORA. ROSA"},"content":{"rendered":"<p>C\u00c1MARA INFANTIL PORT\u00c1TIL C\/ IMPRESORA. ROSA Caracter\u00edsticas: \u00ab-Captura foto y video -Resoluci\u00f3n HD -Impresi\u00f3n instant\u00e1nea -Dise\u00f1o infantil -Pantalla LCD -Botones intuitivos -Edici\u00f3n b\u00e1sica: Herramientas b\u00e1sicas para editar fotos -Impresi\u00f3n n\u00edtida -Conectividad: Puertos Micro SD y USB B12C -Incluye 1 rollo -Ranura para memoria\u00bb<\/p>\n","protected":false},"excerpt":{"rendered":"<p>C\u00c1MARA INFANTIL PORT\u00c1TIL C\/ IMPRESORA. ROSA<\/p>\n","protected":false},"featured_media":0,"comment_status":"open","ping_status":"closed","template":"","meta":{"_et_pb_use_builder":"","_et_pb_old_content":"","_et_gb_content_width":""},"product_brand":[],"product_cat":[40,46],"product_tag":[],"class_list":{"0":"post-2808","1":"product","2":"type-product","3":"status-publish","5":"product_cat-juguetes-y-juegos","6":"product_cat-tecnologia","8":"first","9":"instock","10":"shipping-taxable","11":"purchasable","12":"product-type-simple"},"_links":{"self":[{"href":"https:\/\/rubi.com.py\/index.php\/wp-json\/wp\/v2\/product\/2808","targetHints":{"allow":["GET"]}}],"collection":[{"href":"https:\/\/rubi.com.py\/index.php\/wp-json\/wp\/v2\/product"}],"about":[{"href":"https:\/\/rubi.com.py\/index.php\/wp-json\/wp\/v2\/types\/product"}],"replies":[{"embeddable":true,"href":"https:\/\/rubi.com.py\/index.php\/wp-json\/wp\/v2\/comments?post=2808"}],"wp:attachment":[{"href":"https:\/\/rubi.com.py\/index.php\/wp-json\/wp\/v2\/media?parent=2808"}],"wp:term":[{"taxonomy":"product_brand","embeddable":true,"href":"https:\/\/rubi.com.py\/index.php\/wp-json\/wp\/v2\/product_brand?post=2808"},{"taxonomy":"product_cat","embeddable":true,"href":"https:\/\/rubi.com.py\/index.php\/wp-json\/wp\/v2\/product_cat?post=2808"},{"taxonomy":"product_tag","embeddable":true,"href":"https:\/\/rubi.com.py\/index.php\/wp-json\/wp\/v2\/product_tag?post=2808"}],"curies":[{"name":"wp","href":"https:\/\/api.w.org\/{rel}","templated":true}]}}