{"id":2810,"date":"2026-04-17T13:24:49","date_gmt":"2026-04-17T11:24:49","guid":{"rendered":"https:\/\/rubi.com.py\/index.php\/producto\/mochila-termica-impermeable-oxford-24-lts-negro\/"},"modified":"2026-04-17T13:24:49","modified_gmt":"2026-04-17T11:24:49","slug":"mochila-termica-impermeable-oxford-24-lts-negro","status":"publish","type":"product","link":"https:\/\/rubi.com.py\/index.php\/producto\/mochila-termica-impermeable-oxford-24-lts-negro\/","title":{"rendered":"MOCHILA T\u00c9RMICA IMPERMEABLE OXFORD 24 LTS. NEGRO"},"content":{"rendered":"<p>MOCHILA T\u00c9RMICA IMPERMEABLE OXFORD 24 LTS. NEGRO Caracter\u00edsticas: \u00ab-Forma: Rectangular -Instrucciones de cuidado: Lavado a mano -tela oxford -Color: Negro -Tipo de impresi\u00f3n: Sin estampado -Puede usarse para contacto con alimentos: No -Medidas: 42 x 18 x 32 cm\u00bb<\/p>\n","protected":false},"excerpt":{"rendered":"<p>MOCHILA T\u00c9RMICA IMPERMEABLE OXFORD 24 LTS. NEGRO<\/p>\n","protected":false},"featured_media":0,"comment_status":"open","ping_status":"closed","template":"","meta":{"_et_pb_use_builder":"","_et_pb_old_content":"","_et_gb_content_width":""},"product_brand":[],"product_cat":[38],"product_tag":[],"class_list":{"0":"post-2810","1":"product","2":"type-product","3":"status-publish","5":"product_cat-hogar-y-limpieza","7":"first","8":"instock","9":"shipping-taxable","10":"purchasable","11":"product-type-simple"},"_links":{"self":[{"href":"https:\/\/rubi.com.py\/index.php\/wp-json\/wp\/v2\/product\/2810","targetHints":{"allow":["GET"]}}],"collection":[{"href":"https:\/\/rubi.com.py\/index.php\/wp-json\/wp\/v2\/product"}],"about":[{"href":"https:\/\/rubi.com.py\/index.php\/wp-json\/wp\/v2\/types\/product"}],"replies":[{"embeddable":true,"href":"https:\/\/rubi.com.py\/index.php\/wp-json\/wp\/v2\/comments?post=2810"}],"wp:attachment":[{"href":"https:\/\/rubi.com.py\/index.php\/wp-json\/wp\/v2\/media?parent=2810"}],"wp:term":[{"taxonomy":"product_brand","embeddable":true,"href":"https:\/\/rubi.com.py\/index.php\/wp-json\/wp\/v2\/product_brand?post=2810"},{"taxonomy":"product_cat","embeddable":true,"href":"https:\/\/rubi.com.py\/index.php\/wp-json\/wp\/v2\/product_cat?post=2810"},{"taxonomy":"product_tag","embeddable":true,"href":"https:\/\/rubi.com.py\/index.php\/wp-json\/wp\/v2\/product_tag?post=2810"}],"curies":[{"name":"wp","href":"https:\/\/api.w.org\/{rel}","templated":true}]}}