{"id":2826,"date":"2026-04-17T13:29:05","date_gmt":"2026-04-17T11:29:05","guid":{"rendered":"https:\/\/rubi.com.py\/index.php\/producto\/radio-kolke-am-fm-analogica-kpr-796\/"},"modified":"2026-04-17T13:29:05","modified_gmt":"2026-04-17T11:29:05","slug":"radio-kolke-am-fm-analogica-kpr-796","status":"publish","type":"product","link":"https:\/\/rubi.com.py\/index.php\/producto\/radio-kolke-am-fm-analogica-kpr-796\/","title":{"rendered":"RADIO KOLKE AM FM ANALOGICA KPR-796"},"content":{"rendered":"<p>RADIO KOLKE AM FM ANALOGICA KPR-796 Caracter\u00edsticas: &#8211; Radio digital AM\/FM con antena telesc\u00f3pica &#8211; Bater\u00eda recargable 1800 mAh | Autonom\u00eda 5\u201310 hs &#8211; Conexiones USB, Micro SD, Aux y auriculares 3,5 mm &#8211; Potencia 3 W | Parlante 2\u201d &#8211; Display LED | Alimentaci\u00f3n USB Tipo C | Material ABS<\/p>\n","protected":false},"excerpt":{"rendered":"<p>RADIO KOLKE AM FM ANALOGICA KPR-796<\/p>\n","protected":false},"featured_media":2825,"comment_status":"open","ping_status":"closed","template":"","meta":{"_et_pb_use_builder":"","_et_pb_old_content":"","_et_gb_content_width":""},"product_brand":[],"product_cat":[46],"product_tag":[],"class_list":{"0":"post-2826","1":"product","2":"type-product","3":"status-publish","4":"has-post-thumbnail","6":"product_cat-tecnologia","8":"first","9":"instock","10":"shipping-taxable","11":"purchasable","12":"product-type-simple"},"_links":{"self":[{"href":"https:\/\/rubi.com.py\/index.php\/wp-json\/wp\/v2\/product\/2826","targetHints":{"allow":["GET"]}}],"collection":[{"href":"https:\/\/rubi.com.py\/index.php\/wp-json\/wp\/v2\/product"}],"about":[{"href":"https:\/\/rubi.com.py\/index.php\/wp-json\/wp\/v2\/types\/product"}],"replies":[{"embeddable":true,"href":"https:\/\/rubi.com.py\/index.php\/wp-json\/wp\/v2\/comments?post=2826"}],"wp:featuredmedia":[{"embeddable":true,"href":"https:\/\/rubi.com.py\/index.php\/wp-json\/wp\/v2\/media\/2825"}],"wp:attachment":[{"href":"https:\/\/rubi.com.py\/index.php\/wp-json\/wp\/v2\/media?parent=2826"}],"wp:term":[{"taxonomy":"product_brand","embeddable":true,"href":"https:\/\/rubi.com.py\/index.php\/wp-json\/wp\/v2\/product_brand?post=2826"},{"taxonomy":"product_cat","embeddable":true,"href":"https:\/\/rubi.com.py\/index.php\/wp-json\/wp\/v2\/product_cat?post=2826"},{"taxonomy":"product_tag","embeddable":true,"href":"https:\/\/rubi.com.py\/index.php\/wp-json\/wp\/v2\/product_tag?post=2826"}],"curies":[{"name":"wp","href":"https:\/\/api.w.org\/{rel}","templated":true}]}}