{"id":290,"date":"2025-09-09T16:32:35","date_gmt":"2025-09-09T14:32:35","guid":{"rendered":"https:\/\/rubi.com.py\/index.php\/producto\/auricular-gamer-sony-inzone-mdr-g300-h3-white-con-cable\/"},"modified":"2026-04-23T00:23:46","modified_gmt":"2026-04-22T22:23:46","slug":"auricular-gamer-sony-inzone-mdr-g300-h3-white-con-cable","status":"publish","type":"product","link":"https:\/\/rubi.com.py\/index.php\/producto\/auricular-gamer-sony-inzone-mdr-g300-h3-white-con-cable\/","title":{"rendered":"AURICULAR GAMER SONY INZONE MDR-G300 H3 WHITE CON CABLE"},"content":{"rendered":"<p>* Auricular tipo diadema acolchada supra aural. * Diafragma de 40 mm tipo c\u00fapula (bobina de voz de cable de aluminio encobrado). * Ductos en la carcasa que controlan y optimizan sonidos de baja frecuencia para graves potentes y sonidos profundos. * Almohadilla ancha y suave recubierta con tela de nailon que distribuye el peso, ofrece estabilidad y aislamiento ac\u00fastico. * Micr\u00f3fono flexible y plegable hacia abajo para hablar \u00f3 hacia arriba para silenciar. * Cable tipo miniclavija de 4 terminales de 1,2 m. * Bot\u00f3n del auricular izquierdo para cambiar el dial de volumen. * Aplicaci\u00f3n PC INZONE Hub para activar el sonido espacial 360. * Certificado para chatear por voz en Discord mientras se juega en l\u00ednea. * Peso 299 g. * Incluye caja de audio USB como adaptador de mini Jack a USB-A. Detalles t\u00e9cnicos: \u2022 ANCHO: 4 CM \u2022 ALTO: 22 CM \u2022 LARGO: 17 CM \u2022 PESO: 20 GR<\/p>\n","protected":false},"excerpt":{"rendered":"<p>* Auricular tipo diadema acolchada supra aural. * Diafragma de 40 mm tipo c\u00fapula (bobina de voz de cable de aluminio encobrado). * Ductos en la carcasa que controlan y optimizan sonidos de baja frecuencia para graves potentes y sonidos profundos. * Almohadilla ancha y suave recubierta con tela de nailon que distribuye el peso, ofrece estabilidad y aislamiento ac\u00fastico. * Micr\u00f3fono flexible y plegable hacia abajo para hablar \u00f3 hacia arriba para silenciar. * Cable tipo miniclavija de 4 terminales de 1,2 m. * Bot\u00f3n del auricular izquierdo para cambiar el dial de volumen. * Aplicaci\u00f3n PC INZONE Hub para activar el sonido espacial 360. * Certificado para chatear por voz en Discord mientras se juega en l\u00ednea. * Peso 299 g. * Incluye caja de audio USB como adaptador de mini Jack a USB-A.<\/p>\n","protected":false},"featured_media":5096,"comment_status":"open","ping_status":"closed","template":"","meta":{"_et_pb_use_builder":"","_et_pb_old_content":"","_et_gb_content_width":""},"product_brand":[],"product_cat":[37],"product_tag":[],"class_list":{"0":"post-290","1":"product","2":"type-product","3":"status-publish","4":"has-post-thumbnail","6":"product_cat-gaming","8":"first","9":"instock","10":"shipping-taxable","11":"purchasable","12":"product-type-simple"},"_links":{"self":[{"href":"https:\/\/rubi.com.py\/index.php\/wp-json\/wp\/v2\/product\/290","targetHints":{"allow":["GET"]}}],"collection":[{"href":"https:\/\/rubi.com.py\/index.php\/wp-json\/wp\/v2\/product"}],"about":[{"href":"https:\/\/rubi.com.py\/index.php\/wp-json\/wp\/v2\/types\/product"}],"replies":[{"embeddable":true,"href":"https:\/\/rubi.com.py\/index.php\/wp-json\/wp\/v2\/comments?post=290"}],"wp:featuredmedia":[{"embeddable":true,"href":"https:\/\/rubi.com.py\/index.php\/wp-json\/wp\/v2\/media\/5096"}],"wp:attachment":[{"href":"https:\/\/rubi.com.py\/index.php\/wp-json\/wp\/v2\/media?parent=290"}],"wp:term":[{"taxonomy":"product_brand","embeddable":true,"href":"https:\/\/rubi.com.py\/index.php\/wp-json\/wp\/v2\/product_brand?post=290"},{"taxonomy":"product_cat","embeddable":true,"href":"https:\/\/rubi.com.py\/index.php\/wp-json\/wp\/v2\/product_cat?post=290"},{"taxonomy":"product_tag","embeddable":true,"href":"https:\/\/rubi.com.py\/index.php\/wp-json\/wp\/v2\/product_tag?post=290"}],"curies":[{"name":"wp","href":"https:\/\/api.w.org\/{rel}","templated":true}]}}