{"id":298,"date":"2025-09-09T16:41:54","date_gmt":"2025-09-09T14:41:54","guid":{"rendered":"https:\/\/rubi.com.py\/index.php\/producto\/licuadora-arno-ln50-power-max-negra-5vel-700w\/"},"modified":"2026-04-21T22:54:59","modified_gmt":"2026-04-21T20:54:59","slug":"licuadora-arno-ln50-power-max-negra-5vel-700w","status":"publish","type":"product","link":"https:\/\/rubi.com.py\/index.php\/producto\/licuadora-arno-ln50-power-max-negra-5vel-700w\/","title":{"rendered":"LICUADORA ARNO LN50 POWER MAX NEGRA 5VEL 700W"},"content":{"rendered":"<p>* Jarra de pl\u00e1stico acr\u00edlico de 1.75 litros de capacidad. * Cuchillas de acero inoxidable de alta resistencia. * 5 velocidades + pulsar y triturar hielo. * Potencia 700 W. Im\u00e1genes meramente ilustrativas. Im\u00e1genes e informaci\u00f3n sujetas a cambios sin previo aviso. Detalles t\u00e9cnicos: \u2022 ANCHO: 17 CM \u2022 ALTO: 29 CM \u2022 LARGO: 26 CM \u2022 PESO: 1610 GR<\/p>\n","protected":false},"excerpt":{"rendered":"<p>* Jarra de pl\u00e1stico acr\u00edlico de 1.75 litros de capacidad. * Cuchillas de acero inoxidable de alta resistencia. * 5 velocidades + pulsar y triturar hielo. * Potencia 700 W. Im\u00e1genes meramente ilustrativas. Im\u00e1genes e informaci\u00f3n sujetas a cambios sin previo aviso.<\/p>\n","protected":false},"featured_media":4793,"comment_status":"open","ping_status":"closed","template":"","meta":{"_et_pb_use_builder":"","_et_pb_old_content":"","_et_gb_content_width":""},"product_brand":[],"product_cat":[33],"product_tag":[],"class_list":{"0":"post-298","1":"product","2":"type-product","3":"status-publish","4":"has-post-thumbnail","6":"product_cat-cocina-y-comedor","8":"first","9":"instock","10":"shipping-taxable","11":"purchasable","12":"product-type-simple"},"_links":{"self":[{"href":"https:\/\/rubi.com.py\/index.php\/wp-json\/wp\/v2\/product\/298","targetHints":{"allow":["GET"]}}],"collection":[{"href":"https:\/\/rubi.com.py\/index.php\/wp-json\/wp\/v2\/product"}],"about":[{"href":"https:\/\/rubi.com.py\/index.php\/wp-json\/wp\/v2\/types\/product"}],"replies":[{"embeddable":true,"href":"https:\/\/rubi.com.py\/index.php\/wp-json\/wp\/v2\/comments?post=298"}],"wp:featuredmedia":[{"embeddable":true,"href":"https:\/\/rubi.com.py\/index.php\/wp-json\/wp\/v2\/media\/4793"}],"wp:attachment":[{"href":"https:\/\/rubi.com.py\/index.php\/wp-json\/wp\/v2\/media?parent=298"}],"wp:term":[{"taxonomy":"product_brand","embeddable":true,"href":"https:\/\/rubi.com.py\/index.php\/wp-json\/wp\/v2\/product_brand?post=298"},{"taxonomy":"product_cat","embeddable":true,"href":"https:\/\/rubi.com.py\/index.php\/wp-json\/wp\/v2\/product_cat?post=298"},{"taxonomy":"product_tag","embeddable":true,"href":"https:\/\/rubi.com.py\/index.php\/wp-json\/wp\/v2\/product_tag?post=298"}],"curies":[{"name":"wp","href":"https:\/\/api.w.org\/{rel}","templated":true}]}}