{"id":3097,"date":"2026-04-17T23:26:40","date_gmt":"2026-04-17T21:26:40","guid":{"rendered":"https:\/\/rubi.com.py\/index.php\/producto\/silla-tolix-level-con-respaldo-ng\/"},"modified":"2026-04-17T23:26:54","modified_gmt":"2026-04-17T21:26:54","slug":"silla-tolix-level-con-respaldo-ng","status":"publish","type":"product","link":"https:\/\/rubi.com.py\/index.php\/producto\/silla-tolix-level-con-respaldo-ng\/","title":{"rendered":"SILLA TOLIX LEVEL CON RESPALDO (NG)"},"content":{"rendered":"<p>SILLA TOLIX LEVEL CON RESPALDO (NG) Caracter\u00edsticas: \u00ab-Silla de dise\u00f1o moderno -Ideal para interiores -Metal Pintado -Terminaci\u00f3n: mate -Estructura Reforzada con Ca\u00f1os Met\u00e1licos Cruzados -Soportan hasta 120 kg -Medidas: 86 x 36 x 35 cm\u00bb<\/p>\n","protected":false},"excerpt":{"rendered":"<p>SILLA TOLIX LEVEL CON RESPALDO (NG)<\/p>\n","protected":false},"featured_media":3098,"comment_status":"open","ping_status":"closed","template":"","meta":{"_et_pb_use_builder":"","_et_pb_old_content":"","_et_gb_content_width":""},"product_brand":[],"product_cat":[42],"product_tag":[],"class_list":{"0":"post-3097","1":"product","2":"type-product","3":"status-publish","4":"has-post-thumbnail","6":"product_cat-muebles","8":"first","9":"instock","10":"shipping-taxable","11":"purchasable","12":"product-type-simple"},"_links":{"self":[{"href":"https:\/\/rubi.com.py\/index.php\/wp-json\/wp\/v2\/product\/3097","targetHints":{"allow":["GET"]}}],"collection":[{"href":"https:\/\/rubi.com.py\/index.php\/wp-json\/wp\/v2\/product"}],"about":[{"href":"https:\/\/rubi.com.py\/index.php\/wp-json\/wp\/v2\/types\/product"}],"replies":[{"embeddable":true,"href":"https:\/\/rubi.com.py\/index.php\/wp-json\/wp\/v2\/comments?post=3097"}],"wp:featuredmedia":[{"embeddable":true,"href":"https:\/\/rubi.com.py\/index.php\/wp-json\/wp\/v2\/media\/3098"}],"wp:attachment":[{"href":"https:\/\/rubi.com.py\/index.php\/wp-json\/wp\/v2\/media?parent=3097"}],"wp:term":[{"taxonomy":"product_brand","embeddable":true,"href":"https:\/\/rubi.com.py\/index.php\/wp-json\/wp\/v2\/product_brand?post=3097"},{"taxonomy":"product_cat","embeddable":true,"href":"https:\/\/rubi.com.py\/index.php\/wp-json\/wp\/v2\/product_cat?post=3097"},{"taxonomy":"product_tag","embeddable":true,"href":"https:\/\/rubi.com.py\/index.php\/wp-json\/wp\/v2\/product_tag?post=3097"}],"curies":[{"name":"wp","href":"https:\/\/api.w.org\/{rel}","templated":true}]}}