{"id":3139,"date":"2026-04-17T23:56:19","date_gmt":"2026-04-17T21:56:19","guid":{"rendered":"https:\/\/rubi.com.py\/index.php\/producto\/auto-a-bateria-point-lvr-237\/"},"modified":"2026-04-17T23:56:19","modified_gmt":"2026-04-17T21:56:19","slug":"auto-a-bateria-point-lvr-237","status":"publish","type":"product","link":"https:\/\/rubi.com.py\/index.php\/producto\/auto-a-bateria-point-lvr-237\/","title":{"rendered":"AUTO A BATERIA POINT LVR-237"},"content":{"rendered":"<p>AUTO A BATERIA POINT LVR-237 Caracter\u00edsticas: AUTITO PARA NI\u00d1OS A BATERIA -Ancho: 68,28 cm\/ Altura: 35,05 cm -Bater\u00eda \u00fanica 6v4*1, controlador \u00fanico 380*1, balanceo de ida y vuelta, puerto USB, m\u00fasica con luz LED, control remoto 2.4G, ajuste de volumen -Soporta hasta 15kg -Color Rosado<\/p>\n","protected":false},"excerpt":{"rendered":"<p>AUTO A BATERIA POINT LVR-237<\/p>\n","protected":false},"featured_media":0,"comment_status":"open","ping_status":"closed","template":"","meta":{"_et_pb_use_builder":"","_et_pb_old_content":"","_et_gb_content_width":""},"product_brand":[],"product_cat":[40],"product_tag":[],"class_list":{"0":"post-3139","1":"product","2":"type-product","3":"status-publish","5":"product_cat-juguetes-y-juegos","7":"first","8":"instock","9":"shipping-taxable","10":"purchasable","11":"product-type-simple"},"_links":{"self":[{"href":"https:\/\/rubi.com.py\/index.php\/wp-json\/wp\/v2\/product\/3139","targetHints":{"allow":["GET"]}}],"collection":[{"href":"https:\/\/rubi.com.py\/index.php\/wp-json\/wp\/v2\/product"}],"about":[{"href":"https:\/\/rubi.com.py\/index.php\/wp-json\/wp\/v2\/types\/product"}],"replies":[{"embeddable":true,"href":"https:\/\/rubi.com.py\/index.php\/wp-json\/wp\/v2\/comments?post=3139"}],"wp:attachment":[{"href":"https:\/\/rubi.com.py\/index.php\/wp-json\/wp\/v2\/media?parent=3139"}],"wp:term":[{"taxonomy":"product_brand","embeddable":true,"href":"https:\/\/rubi.com.py\/index.php\/wp-json\/wp\/v2\/product_brand?post=3139"},{"taxonomy":"product_cat","embeddable":true,"href":"https:\/\/rubi.com.py\/index.php\/wp-json\/wp\/v2\/product_cat?post=3139"},{"taxonomy":"product_tag","embeddable":true,"href":"https:\/\/rubi.com.py\/index.php\/wp-json\/wp\/v2\/product_tag?post=3139"}],"curies":[{"name":"wp","href":"https:\/\/api.w.org\/{rel}","templated":true}]}}