{"id":3141,"date":"2026-04-17T23:57:15","date_gmt":"2026-04-17T21:57:15","guid":{"rendered":"https:\/\/rubi.com.py\/index.php\/producto\/camioneta-a-bateria-wrangler-lvr-239\/"},"modified":"2026-04-17T23:57:18","modified_gmt":"2026-04-17T21:57:18","slug":"camioneta-a-bateria-wrangler-lvr-239","status":"publish","type":"product","link":"https:\/\/rubi.com.py\/index.php\/producto\/camioneta-a-bateria-wrangler-lvr-239\/","title":{"rendered":"CAMIONETA A BATERIA WRANGLER LVR-239"},"content":{"rendered":"<p>CAMIONETA A BATERIA WRANGLER LVR-239 Caracter\u00edsticas: AUTITO PARA NI\u00d1OS A BATERIA -Ancho: 70,10 cm Altura: 36,58 cm 2 Bater\u00edas de 6 V 4,5 Ah, motor de 380 CV, control remoto individual, indicador de nivel de bater\u00eda, funci\u00f3n de balanceo y balanceo, tracci\u00f3n dual permanente, funci\u00f3n de educaci\u00f3n infantil, narraci\u00f3n en ingl\u00e9s, faros LED, amortiguaci\u00f3n en las cuatro ruedas, asa c\u00f3moda, suspensi\u00f3n en las cuatro ruedas, control remoto mediante aplicaci\u00f3n m\u00f3vil, arranque con un solo toque. -Soporta hasta 30 kg -Color: Rojo<\/p>\n","protected":false},"excerpt":{"rendered":"<p>CAMIONETA A BATERIA WRANGLER LVR-239<\/p>\n","protected":false},"featured_media":0,"comment_status":"open","ping_status":"closed","template":"","meta":{"_et_pb_use_builder":"","_et_pb_old_content":"","_et_gb_content_width":""},"product_brand":[],"product_cat":[40],"product_tag":[],"class_list":{"0":"post-3141","1":"product","2":"type-product","3":"status-publish","5":"product_cat-juguetes-y-juegos","7":"first","8":"instock","9":"shipping-taxable","10":"purchasable","11":"product-type-simple"},"_links":{"self":[{"href":"https:\/\/rubi.com.py\/index.php\/wp-json\/wp\/v2\/product\/3141","targetHints":{"allow":["GET"]}}],"collection":[{"href":"https:\/\/rubi.com.py\/index.php\/wp-json\/wp\/v2\/product"}],"about":[{"href":"https:\/\/rubi.com.py\/index.php\/wp-json\/wp\/v2\/types\/product"}],"replies":[{"embeddable":true,"href":"https:\/\/rubi.com.py\/index.php\/wp-json\/wp\/v2\/comments?post=3141"}],"wp:attachment":[{"href":"https:\/\/rubi.com.py\/index.php\/wp-json\/wp\/v2\/media?parent=3141"}],"wp:term":[{"taxonomy":"product_brand","embeddable":true,"href":"https:\/\/rubi.com.py\/index.php\/wp-json\/wp\/v2\/product_brand?post=3141"},{"taxonomy":"product_cat","embeddable":true,"href":"https:\/\/rubi.com.py\/index.php\/wp-json\/wp\/v2\/product_cat?post=3141"},{"taxonomy":"product_tag","embeddable":true,"href":"https:\/\/rubi.com.py\/index.php\/wp-json\/wp\/v2\/product_tag?post=3141"}],"curies":[{"name":"wp","href":"https:\/\/api.w.org\/{rel}","templated":true}]}}