{"id":3289,"date":"2026-04-18T02:17:09","date_gmt":"2026-04-18T00:17:09","guid":{"rendered":"https:\/\/rubi.com.py\/index.php\/producto\/molino-electrico-dual-sal-y-pimienta-25ml-c-u\/"},"modified":"2026-04-18T02:17:09","modified_gmt":"2026-04-18T00:17:09","slug":"molino-electrico-dual-sal-y-pimienta-25ml-c-u","status":"publish","type":"product","link":"https:\/\/rubi.com.py\/index.php\/producto\/molino-electrico-dual-sal-y-pimienta-25ml-c-u\/","title":{"rendered":"MOLINO ELECTRICO DUAL SAL Y PIMIENTA 25ML C\/U"},"content":{"rendered":"<p>MOLINO ELECTRICO DUAL SAL Y PIMIENTA 25ML C\/U Caracter\u00edsticas: -Molino el\u00e9ctrico dual -25ml cada uno -Acreo inoxidable + nucleo cer\u00e1mico + recipiente acr\u00edlico -Espesor ajustable de part\u00edculas -Peso: 293g -A pilas<\/p>\n","protected":false},"excerpt":{"rendered":"<p>MOLINO ELECTRICO DUAL SAL Y PIMIENTA 25ML C\/U<\/p>\n","protected":false},"featured_media":3288,"comment_status":"open","ping_status":"closed","template":"","meta":{"_et_pb_use_builder":"","_et_pb_old_content":"","_et_gb_content_width":""},"product_brand":[],"product_cat":[33],"product_tag":[],"class_list":{"0":"post-3289","1":"product","2":"type-product","3":"status-publish","4":"has-post-thumbnail","6":"product_cat-cocina-y-comedor","8":"first","9":"instock","10":"shipping-taxable","11":"purchasable","12":"product-type-simple"},"_links":{"self":[{"href":"https:\/\/rubi.com.py\/index.php\/wp-json\/wp\/v2\/product\/3289","targetHints":{"allow":["GET"]}}],"collection":[{"href":"https:\/\/rubi.com.py\/index.php\/wp-json\/wp\/v2\/product"}],"about":[{"href":"https:\/\/rubi.com.py\/index.php\/wp-json\/wp\/v2\/types\/product"}],"replies":[{"embeddable":true,"href":"https:\/\/rubi.com.py\/index.php\/wp-json\/wp\/v2\/comments?post=3289"}],"wp:featuredmedia":[{"embeddable":true,"href":"https:\/\/rubi.com.py\/index.php\/wp-json\/wp\/v2\/media\/3288"}],"wp:attachment":[{"href":"https:\/\/rubi.com.py\/index.php\/wp-json\/wp\/v2\/media?parent=3289"}],"wp:term":[{"taxonomy":"product_brand","embeddable":true,"href":"https:\/\/rubi.com.py\/index.php\/wp-json\/wp\/v2\/product_brand?post=3289"},{"taxonomy":"product_cat","embeddable":true,"href":"https:\/\/rubi.com.py\/index.php\/wp-json\/wp\/v2\/product_cat?post=3289"},{"taxonomy":"product_tag","embeddable":true,"href":"https:\/\/rubi.com.py\/index.php\/wp-json\/wp\/v2\/product_tag?post=3289"}],"curies":[{"name":"wp","href":"https:\/\/api.w.org\/{rel}","templated":true}]}}