{"id":3334,"date":"2026-04-18T02:31:39","date_gmt":"2026-04-18T00:31:39","guid":{"rendered":"https:\/\/rubi.com.py\/index.php\/producto\/aspiradora-de-mano-inalambrica-wet-dry-para-auto-nlau-313\/"},"modified":"2026-04-18T02:31:39","modified_gmt":"2026-04-18T00:31:39","slug":"aspiradora-de-mano-inalambrica-wet-dry-para-auto-nlau-313","status":"publish","type":"product","link":"https:\/\/rubi.com.py\/index.php\/producto\/aspiradora-de-mano-inalambrica-wet-dry-para-auto-nlau-313\/","title":{"rendered":"ASPIRADORA DE MANO INAL\u00c1MBRICA WET &amp; DRY PARA AUTO NLAU-313"},"content":{"rendered":"<p>ASPIRADORA DE MANO INAL\u00c1MBRICA WET &amp; DRY PARA AUTO NLAU-313 Caracter\u00edsticas: -Aspiradora port\u00e1til Inal\u00e1mbrica. -Funci\u00f3n: uso en seco y h\u00famedo (Wet &amp; Dry). -Potencia: 120W.-Capacidad 500ml -Potencia de succi\u00f3n: 4000 Pa. -Compartimento de polvo transparente. -Filtro Hepa lavable. -Bater\u00eda recargable de 3600mAh. -Autonom\u00eda: 20mins, mayor autonom\u00eda.-Tiempo de carga 4-5hs. -Accesorios incluidos: 3 boquillas (boquilla para rincones, boquilla angosta, boquilla ancha), cepillo (para remover suciedad mejorando la capacidad de limpieza), 1 tubo flexible de 28cm, 1 cable de carga.<\/p>\n","protected":false},"excerpt":{"rendered":"<p>ASPIRADORA DE MANO INAL\u00c1MBRICA WET &amp; DRY PARA AUTO NLAU-313<\/p>\n","protected":false},"featured_media":3333,"comment_status":"open","ping_status":"closed","template":"","meta":{"_et_pb_use_builder":"","_et_pb_old_content":"","_et_gb_content_width":""},"product_brand":[],"product_cat":[38],"product_tag":[],"class_list":{"0":"post-3334","1":"product","2":"type-product","3":"status-publish","4":"has-post-thumbnail","6":"product_cat-hogar-y-limpieza","8":"first","9":"instock","10":"shipping-taxable","11":"purchasable","12":"product-type-simple"},"_links":{"self":[{"href":"https:\/\/rubi.com.py\/index.php\/wp-json\/wp\/v2\/product\/3334","targetHints":{"allow":["GET"]}}],"collection":[{"href":"https:\/\/rubi.com.py\/index.php\/wp-json\/wp\/v2\/product"}],"about":[{"href":"https:\/\/rubi.com.py\/index.php\/wp-json\/wp\/v2\/types\/product"}],"replies":[{"embeddable":true,"href":"https:\/\/rubi.com.py\/index.php\/wp-json\/wp\/v2\/comments?post=3334"}],"wp:featuredmedia":[{"embeddable":true,"href":"https:\/\/rubi.com.py\/index.php\/wp-json\/wp\/v2\/media\/3333"}],"wp:attachment":[{"href":"https:\/\/rubi.com.py\/index.php\/wp-json\/wp\/v2\/media?parent=3334"}],"wp:term":[{"taxonomy":"product_brand","embeddable":true,"href":"https:\/\/rubi.com.py\/index.php\/wp-json\/wp\/v2\/product_brand?post=3334"},{"taxonomy":"product_cat","embeddable":true,"href":"https:\/\/rubi.com.py\/index.php\/wp-json\/wp\/v2\/product_cat?post=3334"},{"taxonomy":"product_tag","embeddable":true,"href":"https:\/\/rubi.com.py\/index.php\/wp-json\/wp\/v2\/product_tag?post=3334"}],"curies":[{"name":"wp","href":"https:\/\/api.w.org\/{rel}","templated":true}]}}